CRAN Package Check Results for Package sensibo.sky

Last updated on 2024-06-19 03:50:38 CEST.

Flavor Version Tinstall Tcheck Ttotal Status Flags
r-devel-linux-x86_64-debian-clang 1.0.0 2.22 26.65 28.87 NOTE
r-devel-linux-x86_64-debian-gcc 1.0.0 2.16 19.73 21.89 NOTE
r-devel-linux-x86_64-fedora-clang 1.0.0 35.96 NOTE
r-devel-linux-x86_64-fedora-gcc 1.0.0 34.56 NOTE
r-devel-windows-x86_64 1.0.0 4.00 42.00 46.00 NOTE
r-patched-linux-x86_64 1.0.0 2.87 25.58 28.45 NOTE
r-release-linux-x86_64 1.0.0 2.76 24.70 27.46 NOTE
r-release-macos-arm64 1.0.0 16.00 NOTE
r-release-macos-x86_64 1.0.0 22.00 NOTE
r-release-windows-x86_64 1.0.0 3.00 43.00 46.00 NOTE
r-oldrel-macos-arm64 1.0.0 17.00 NOTE
r-oldrel-macos-x86_64 1.0.0 21.00 NOTE
r-oldrel-windows-x86_64 1.0.0 5.00 44.00 49.00 NOTE

Check Details

Version: 1.0.0
Check: LazyData
Result: NOTE 'LazyData' is specified without a 'data' directory Flavors: r-devel-linux-x86_64-debian-clang, r-devel-linux-x86_64-debian-gcc, r-devel-linux-x86_64-fedora-clang, r-devel-linux-x86_64-fedora-gcc, r-devel-windows-x86_64, r-patched-linux-x86_64, r-release-linux-x86_64, r-release-macos-arm64, r-release-macos-x86_64, r-release-windows-x86_64, r-oldrel-macos-arm64, r-oldrel-macos-x86_64, r-oldrel-windows-x86_64