Last updated on 2024-04-23 12:49:42 CEST.
Flavor | Version | Tinstall | Tcheck | Ttotal | Status | Flags |
---|---|---|---|---|---|---|
r-devel-linux-x86_64-debian-clang | 0.8.5 | 19.27 | 252.52 | 271.79 | NOTE | |
r-devel-linux-x86_64-debian-gcc | 0.8.5 | 18.16 | 177.00 | 195.16 | NOTE | |
r-devel-linux-x86_64-fedora-clang | 0.8.5 | 340.66 | NOTE | |||
r-devel-linux-x86_64-fedora-gcc | 0.8.5 | 352.02 | NOTE | |||
r-prerel-macos-arm64 | 0.8.5 | 98.00 | NOTE | |||
r-prerel-windows-x86_64 | 0.8.5 | 22.00 | 187.00 | 209.00 | NOTE | |
r-patched-linux-x86_64 | 0.8.5 | 22.41 | 239.69 | 262.10 | NOTE | |
r-release-linux-x86_64 | 0.8.5 | 23.68 | 241.97 | 265.65 | OK | |
r-release-macos-arm64 | 0.8.5 | 124.00 | OK | |||
r-release-macos-x86_64 | 0.8.5 | 194.00 | OK | |||
r-release-windows-x86_64 | 0.8.5 | 28.00 | 247.00 | 275.00 | OK | |
r-oldrel-macos-arm64 | 0.8.5 | 114.00 | OK | |||
r-oldrel-windows-x86_64 | 0.8.5 | 30.00 | 230.00 | 260.00 | OK |
Version: 0.8.5
Check: Rd files
Result: NOTE
checkRd: (-1) match_dataphy.Rd:37-38: Lost braces in \itemize; meant \describe ?
checkRd: (-1) match_dataphy.Rd:39-41: Lost braces in \itemize; meant \describe ?
checkRd: (-1) match_dataphy.Rd:42-44: Lost braces in \itemize; meant \describe ?
Flavors: r-devel-linux-x86_64-debian-clang, r-devel-linux-x86_64-debian-gcc, r-devel-linux-x86_64-fedora-clang, r-devel-linux-x86_64-fedora-gcc, r-prerel-macos-arm64, r-prerel-windows-x86_64, r-patched-linux-x86_64