Last updated on 2024-04-19 06:03:36 CEST.
Flavor | Version | Tinstall | Tcheck | Ttotal | Status | Flags |
---|---|---|---|---|---|---|
r-devel-linux-x86_64-debian-clang | 1.0.0 | 10.39 | 60.26 | 70.65 | OK | |
r-devel-linux-x86_64-debian-gcc | 1.0.0 | OK | ||||
r-devel-linux-x86_64-fedora-clang | 1.0.0 | 93.86 | NOTE | |||
r-devel-linux-x86_64-fedora-gcc | 1.0.0 | 104.13 | NOTE | |||
r-prerel-macos-arm64 | 1.0.0 | 38.00 | OK | |||
r-prerel-windows-x86_64 | 1.0.0 | 10.00 | 65.00 | 75.00 | OK | |
r-patched-linux-x86_64 | 1.0.0 | 9.26 | 57.90 | 67.16 | OK | |
r-release-linux-x86_64 | 1.0.0 | 8.31 | 57.12 | 65.43 | OK | |
r-release-macos-arm64 | 1.0.0 | 38.00 | OK | |||
r-release-macos-x86_64 | 1.0.0 | 53.00 | OK | |||
r-release-windows-x86_64 | 1.0.0 | 13.00 | 72.00 | 85.00 | OK | |
r-oldrel-macos-arm64 | 1.0.0 | 25.00 | NOTE | |||
r-oldrel-windows-x86_64 | 1.0.0 | 13.00 | 72.00 | 85.00 | OK |
Version: 1.0.0
Check: dependencies in R code
Result: NOTE
Namespace in Imports field not imported from: ‘reticulate’
All declared Imports should be used.
Flavors: r-devel-linux-x86_64-fedora-clang, r-devel-linux-x86_64-fedora-gcc, r-oldrel-macos-arm64