Last updated on 2022-06-25 12:54:34 CEST.
Flavor | Version | Tinstall | Tcheck | Ttotal | Status | Flags |
---|---|---|---|---|---|---|
r-devel-linux-x86_64-debian-clang | 0.2.9.3 | 4.19 | 120.08 | 124.27 | OK | |
r-devel-linux-x86_64-debian-gcc | 0.2.9.3 | 3.25 | 85.71 | 88.96 | OK | |
r-devel-linux-x86_64-fedora-clang | 0.2.9.3 | 152.23 | NOTE | |||
r-devel-linux-x86_64-fedora-gcc | 0.2.9.3 | 149.39 | OK | |||
r-devel-windows-x86_64 | 0.2.9.3 | 41.00 | 167.00 | 208.00 | OK | |
r-patched-linux-x86_64 | 0.2.9.3 | 8.36 | 111.39 | 119.75 | OK | |
r-release-linux-x86_64 | 0.2.9.3 | 3.46 | 113.52 | 116.98 | OK | |
r-release-macos-arm64 | 0.2.9.3 | 46.00 | OK | |||
r-release-macos-x86_64 | 0.2.9.3 | 86.00 | OK | |||
r-release-windows-x86_64 | 0.2.9.3 | 27.00 | 159.00 | 186.00 | OK | |
r-oldrel-macos-arm64 | 0.2.9.3 | 71.00 | OK | |||
r-oldrel-macos-x86_64 | 0.2.9.3 | 75.00 | OK | |||
r-oldrel-windows-ix86+x86_64 | 0.2.9.3 | 10.00 | 175.00 | 185.00 | OK |
Version: 0.2.9.3
Check: Rd cross-references
Result: NOTE
Undeclared package ‘qgraph’ in Rd xrefs
Flavor: r-devel-linux-x86_64-fedora-clang