Last updated on 2025-02-04 03:50:00 CET.
Flavor | Version | Tinstall | Tcheck | Ttotal | Status | Flags |
---|---|---|---|---|---|---|
r-devel-linux-x86_64-debian-clang | 0.1.2 | 1.67 | 15.30 | 16.97 | OK | |
r-devel-linux-x86_64-debian-gcc | 0.1.2 | 1.43 | 13.07 | 14.50 | OK | |
r-devel-linux-x86_64-fedora-clang | 0.1.2 | 28.11 | OK | |||
r-devel-linux-x86_64-fedora-gcc | 0.1.2 | 25.83 | OK | |||
r-devel-windows-x86_64 | 0.1.2 | 2.00 | 35.00 | 37.00 | OK | |
r-patched-linux-x86_64 | 0.1.2 | 1.61 | 14.91 | 16.52 | NOTE | |
r-release-linux-x86_64 | 0.1.2 | 1.56 | 14.87 | 16.43 | NOTE | |
r-release-macos-arm64 | 0.1.2 | 12.00 | NOTE | |||
r-release-macos-x86_64 | 0.1.2 | 18.00 | NOTE | |||
r-release-windows-x86_64 | 0.1.2 | 2.00 | 33.00 | 35.00 | NOTE | |
r-oldrel-macos-arm64 | 0.1.2 | 17.00 | NOTE | |||
r-oldrel-macos-x86_64 | 0.1.2 | 17.00 | NOTE | |||
r-oldrel-windows-x86_64 | 0.1.2 | 3.00 | 35.00 | 38.00 | NOTE |
Version: 0.1.2
Check: LazyData
Result: NOTE
'LazyData' is specified without a 'data' directory
Flavors: r-patched-linux-x86_64, r-release-linux-x86_64, r-release-macos-arm64, r-release-macos-x86_64, r-release-windows-x86_64, r-oldrel-macos-arm64, r-oldrel-macos-x86_64, r-oldrel-windows-x86_64