CRAN Package Check Results for Package selcorr

Last updated on 2024-05-23 03:52:13 CEST.

Flavor Version Tinstall Tcheck Ttotal Status Flags
r-devel-linux-x86_64-debian-clang 1.0 2.16 23.23 25.39 OK
r-devel-linux-x86_64-debian-gcc 1.0 1.69 17.54 19.23 OK
r-devel-linux-x86_64-fedora-clang 1.0 31.60 NOTE
r-devel-linux-x86_64-fedora-gcc 1.0 29.93 NOTE
r-devel-windows-x86_64 1.0 2.00 40.00 42.00 OK
r-patched-linux-x86_64 1.0 2.24 22.34 24.58 OK
r-release-linux-x86_64 1.0 1.57 21.80 23.37 OK
r-release-macos-arm64 1.0 14.00 OK
r-release-windows-x86_64 1.0 2.00 38.00 40.00 OK
r-oldrel-macos-arm64 1.0 17.00 OK
r-oldrel-macos-x86_64 1.0 20.00 OK
r-oldrel-windows-x86_64 1.0 2.00 40.00 42.00 OK

Check Details

Version: 1.0
Check: dependencies in R code
Result: NOTE Namespace in Imports field not imported from: ‘MASS’ All declared Imports should be used. Flavors: r-devel-linux-x86_64-fedora-clang, r-devel-linux-x86_64-fedora-gcc