CRAN Package Check Results for Package sejmRP

Last updated on 2022-06-26 12:54:58 CEST.

Flavor Version Tinstall Tcheck Ttotal Status Flags
r-devel-linux-x86_64-debian-clang 1.3.4 7.80 65.01 72.81 NOTE
r-devel-linux-x86_64-debian-gcc 1.3.4 6.26 49.03 55.29 NOTE
r-devel-linux-x86_64-fedora-clang 1.3.4 103.46 NOTE
r-devel-linux-x86_64-fedora-gcc 1.3.4 95.62 NOTE
r-devel-windows-x86_64 1.3.4 33.00 92.00 125.00 NOTE
r-patched-linux-x86_64 1.3.4 9.51 61.14 70.65 NOTE
r-release-linux-x86_64 1.3.4 9.43 61.23 70.66 NOTE
r-release-macos-arm64 1.3.4 27.00 NOTE
r-release-macos-x86_64 1.3.4 46.00 NOTE
r-release-windows-x86_64 1.3.4 54.00 93.00 147.00 NOTE
r-oldrel-macos-arm64 1.3.4 29.00 NOTE
r-oldrel-macos-x86_64 1.3.4 51.00 NOTE
r-oldrel-windows-ix86+x86_64 1.3.4 21.00 93.00 114.00 NOTE

Check Details

Version: 1.3.4
Check: LazyData
Result: NOTE
     'LazyData' is specified without a 'data' directory
Flavors: r-devel-linux-x86_64-debian-clang, r-devel-linux-x86_64-debian-gcc, r-devel-linux-x86_64-fedora-clang, r-devel-linux-x86_64-fedora-gcc, r-devel-windows-x86_64, r-patched-linux-x86_64, r-release-linux-x86_64, r-release-macos-arm64, r-release-macos-x86_64, r-release-windows-x86_64, r-oldrel-macos-arm64, r-oldrel-macos-x86_64, r-oldrel-windows-ix86+x86_64

Version: 1.3.4
Check: dependencies in R code
Result: NOTE
    Namespaces in Imports field not imported from:
     ‘cluster’ ‘factoextra’ ‘tidyr’
     All declared Imports should be used.
Flavors: r-devel-linux-x86_64-fedora-clang, r-devel-linux-x86_64-fedora-gcc, r-release-macos-arm64, r-release-macos-x86_64, r-oldrel-macos-arm64, r-oldrel-macos-x86_64