Last updated on 2023-03-25 03:52:11 CET.
Flavor | Version | Tinstall | Tcheck | Ttotal | Status | Flags |
---|---|---|---|---|---|---|
r-devel-linux-x86_64-debian-clang | 1.1.0 | 15.16 | 120.48 | 135.64 | OK | |
r-devel-linux-x86_64-debian-gcc | 1.1.0 | 12.19 | 88.76 | 100.95 | OK | |
r-devel-linux-x86_64-fedora-clang | 1.1.0 | 169.57 | OK | |||
r-devel-linux-x86_64-fedora-gcc | 1.1.0 | 152.24 | OK | |||
r-patched-linux-x86_64 | 1.1.0 | 14.39 | 111.56 | 125.95 | OK | |
r-release-linux-x86_64 | 1.1.0 | 10.79 | 114.15 | 124.94 | OK | |
r-release-macos-arm64 | 1.1.0 | 44.00 | OK | |||
r-release-macos-x86_64 | 1.1.0 | 66.00 | OK | |||
r-release-windows-x86_64 | 1.1.0 | 24.00 | 141.00 | 165.00 | OK | |
r-oldrel-macos-arm64 | 1.1.0 | 43.00 | OK | |||
r-oldrel-macos-x86_64 | 1.1.0 | 64.00 | OK | |||
r-oldrel-windows-ix86+x86_64 | 1.1.0 | 33.00 | 167.00 | 200.00 | NOTE |
Version: 1.1.0
Check: R code for possible problems
Result: NOTE
Initiating curl with CURL_SSL_BACKEND: openssl
Flavor: r-oldrel-windows-ix86+x86_64