Last updated on 2023-10-04 20:42:39 CEST.
Flavor | Version | Tinstall | Tcheck | Ttotal | Status | Flags |
---|---|---|---|---|---|---|
r-devel-linux-x86_64-debian-clang | 1.1.0 | 83.67 | 880.03 | 963.70 | OK | |
r-devel-linux-x86_64-debian-gcc | 1.1.0 | 65.68 | 448.83 | 514.51 | OK | |
r-devel-linux-x86_64-fedora-clang | 1.1.0 | 893.02 | NOTE | |||
r-devel-linux-x86_64-fedora-gcc | 1.1.0 | 874.24 | NOTE | |||
r-devel-windows-x86_64 | 1.1.0 | 72.00 | 560.00 | 632.00 | OK | |
r-patched-linux-x86_64 | 1.1.0 | 79.32 | 618.27 | 697.59 | OK | |
r-release-linux-x86_64 | 1.1.0 | 70.24 | 602.79 | 673.03 | OK | |
r-release-macos-arm64 | 1.1.0 | 222.00 | NOTE | |||
r-release-macos-x86_64 | 1.1.0 | 538.00 | NOTE | |||
r-release-windows-x86_64 | 1.1.0 | 91.00 | 810.00 | 901.00 | OK | |
r-oldrel-macos-arm64 | 1.1.0 | 233.00 | NOTE | |||
r-oldrel-macos-x86_64 | 1.1.0 | 346.00 | NOTE | |||
r-oldrel-windows-x86_64 | 1.1.0 | 84.00 | 826.00 | 910.00 | OK |
Version: 1.1.0
Check: data for non-ASCII characters
Result: NOTE
Note: found 1 marked UTF-8 string
Flavors: r-devel-linux-x86_64-fedora-clang, r-devel-linux-x86_64-fedora-gcc
Version: 1.1.0
Check: installed package size
Result: NOTE
installed size is 10.9Mb
sub-directories of 1Mb or more:
data 2.9Mb
libs 7.9Mb
Flavors: r-release-macos-arm64, r-release-macos-x86_64, r-oldrel-macos-arm64, r-oldrel-macos-x86_64