Last updated on 2024-04-27 03:56:27 CEST.
Flavor | Version | Tinstall | Tcheck | Ttotal | Status | Flags |
---|---|---|---|---|---|---|
r-devel-linux-x86_64-debian-clang | 3.1 | 14.15 | 103.84 | 117.99 | NOTE | |
r-devel-linux-x86_64-debian-gcc | 3.1 | 9.19 | 77.21 | 86.40 | NOTE | |
r-devel-linux-x86_64-fedora-clang | 3.1 | 145.23 | NOTE | |||
r-devel-linux-x86_64-fedora-gcc | 3.1 | 139.87 | NOTE | |||
r-devel-windows-x86_64 | 3.1 | 10.00 | 90.00 | 100.00 | NOTE | |
r-patched-linux-x86_64 | 3.1 | 10.40 | 101.93 | 112.33 | NOTE | |
r-release-linux-x86_64 | 3.1 | 10.64 | 100.99 | 111.63 | OK | |
r-release-macos-arm64 | 3.1 | 39.00 | NOTE | |||
r-release-windows-x86_64 | 3.1 | 10.00 | 91.00 | 101.00 | NOTE | |
r-oldrel-macos-arm64 | 3.1 | 52.00 | OK | |||
r-oldrel-macos-x86_64 | 3.1 | 83.00 | OK | |||
r-oldrel-windows-x86_64 | 3.1 | 14.00 | 108.00 | 122.00 | OK |
Version: 3.1
Check: Rd files
Result: NOTE
checkRd: (-1) seedCCA.Rd:17: Lost braces; missing escapes or markup?
17 | \item{u}{numeric, maximum number of projections. The default is 10. This is used for \code{type="seed1"}, \code{type="seed2"} and {tyepe="pls"}.}
| ^
Flavors: r-devel-linux-x86_64-debian-clang, r-devel-linux-x86_64-debian-gcc, r-devel-linux-x86_64-fedora-clang, r-devel-linux-x86_64-fedora-gcc, r-devel-windows-x86_64, r-patched-linux-x86_64, r-release-macos-arm64, r-release-windows-x86_64