CRAN Package Check Results for Package secr

Last updated on 2022-12-10 02:49:39 CET.

Flavor Version Tinstall Tcheck Ttotal Status Flags
r-devel-linux-x86_64-debian-clang 4.5.8 464.97 739.79 1204.76 NOTE
r-devel-linux-x86_64-debian-gcc 4.5.8 351.14 586.16 937.30 NOTE
r-devel-linux-x86_64-fedora-clang 4.5.8 1205.63 NOTE
r-devel-linux-x86_64-fedora-gcc 4.5.8 1405.43 NOTE
r-devel-windows-x86_64 4.5.8 421.00 1116.00 1537.00 NOTE
r-patched-linux-x86_64 4.5.8 398.88 648.05 1046.93 NOTE
r-release-linux-x86_64 4.5.8 397.85 620.19 1018.04 NOTE
r-release-macos-arm64 4.5.8 324.00 NOTE
r-release-macos-x86_64 4.5.8 423.00 NOTE
r-release-windows-x86_64 4.5.8 425.00 807.00 1232.00 NOTE
r-oldrel-macos-arm64 4.5.8 294.00 NOTE
r-oldrel-macos-x86_64 4.5.8 414.00 NOTE
r-oldrel-windows-ix86+x86_64 4.5.8 1013.00 1079.00 2092.00 NOTE

Check Details

Version: 4.5.8
Check: for GNU extensions in Makefiles
Result: NOTE
    GNU make is a SystemRequirements.
Flavors: r-devel-linux-x86_64-debian-clang, r-devel-linux-x86_64-debian-gcc, r-devel-linux-x86_64-fedora-clang, r-devel-linux-x86_64-fedora-gcc, r-devel-windows-x86_64, r-patched-linux-x86_64, r-release-linux-x86_64, r-release-macos-arm64, r-release-macos-x86_64, r-release-windows-x86_64, r-oldrel-macos-arm64, r-oldrel-macos-x86_64, r-oldrel-windows-ix86+x86_64

Version: 4.5.8
Check: installed package size
Result: NOTE
     installed size is 5.2Mb
     sub-directories of 1Mb or more:
     R 1.5Mb
     libs 2.0Mb
Flavors: r-devel-windows-x86_64, r-release-macos-arm64, r-release-macos-x86_64, r-release-windows-x86_64, r-oldrel-macos-arm64, r-oldrel-macos-x86_64, r-oldrel-windows-ix86+x86_64