Last updated on 2022-05-19 21:50:34 CEST.
Flavor | Version | Tinstall | Tcheck | Ttotal | Status | Flags |
---|---|---|---|---|---|---|
r-devel-linux-x86_64-debian-clang | 4.5.4 | 400.82 | 617.50 | 1018.32 | NOTE | |
r-devel-linux-x86_64-debian-gcc | 4.5.4 | 336.89 | 454.34 | 791.23 | NOTE | |
r-devel-linux-x86_64-fedora-clang | 4.5.4 | 1335.70 | NOTE | |||
r-devel-linux-x86_64-fedora-gcc | 4.5.4 | 1261.17 | NOTE | |||
r-devel-windows-x86_64 | 4.5.4 | 394.00 | 717.00 | 1111.00 | NOTE | |
r-patched-linux-x86_64 | 4.5.4 | 368.73 | 587.34 | 956.07 | NOTE | |
r-release-linux-x86_64 | 4.5.4 | 354.49 | 576.61 | 931.10 | NOTE | |
r-release-macos-arm64 | 4.5.4 | 8.00 | ERROR | |||
r-release-macos-x86_64 | 4.5.4 | 409.00 | NOTE | |||
r-release-windows-x86_64 | 4.5.4 | 414.00 | 726.00 | 1140.00 | NOTE | |
r-oldrel-macos-arm64 | 4.5.4 | 294.00 | NOTE | |||
r-oldrel-macos-x86_64 | 4.5.4 | 420.00 | NOTE | |||
r-oldrel-windows-ix86+x86_64 | 4.5.4 | 1026.00 | 1018.00 | 2044.00 | NOTE |
Version: 4.5.4
Check: for GNU extensions in Makefiles
Result: NOTE
GNU make is a SystemRequirements.
Flavors: r-devel-linux-x86_64-debian-clang, r-devel-linux-x86_64-debian-gcc, r-devel-linux-x86_64-fedora-clang, r-devel-linux-x86_64-fedora-gcc, r-devel-windows-x86_64, r-patched-linux-x86_64, r-release-linux-x86_64, r-release-macos-x86_64, r-release-windows-x86_64, r-oldrel-macos-arm64, r-oldrel-macos-x86_64, r-oldrel-windows-ix86+x86_64
Version: 4.5.4
Check: installed package size
Result: NOTE
installed size is 15.8Mb
sub-directories of 1Mb or more:
R 1.5Mb
libs 12.6Mb
Flavors: r-devel-linux-x86_64-fedora-clang, r-devel-windows-x86_64, r-release-macos-x86_64, r-release-windows-x86_64, r-oldrel-macos-arm64, r-oldrel-macos-x86_64, r-oldrel-windows-ix86+x86_64
Version: 4.5.4
Check: package dependencies
Result: ERROR
Packages required and available but unsuitable versions: 'raster', 'terra'
See section ‘The DESCRIPTION file’ in the ‘Writing R Extensions’
manual.
Flavor: r-release-macos-arm64