CRAN Package Check Results for Package seas

Last updated on 2020-04-01 06:48:22 CEST.

Flavor Version Tinstall Tcheck Ttotal Status Flags
r-devel-linux-x86_64-debian-clang 0.5-2 7.62 57.76 65.38 OK
r-devel-linux-x86_64-debian-gcc 0.5-2 6.29 43.09 49.38 OK
r-devel-linux-x86_64-fedora-clang 0.5-2 77.26 NOTE
r-devel-linux-x86_64-fedora-gcc 0.5-2 76.27 NOTE
r-devel-windows-ix86+x86_64 0.5-2 18.00 109.00 127.00 OK
r-devel-windows-ix86+x86_64-gcc8 0.5-2 15.00 112.00 127.00 OK
r-patched-linux-x86_64 0.5-2 6.83 56.38 63.21 OK
r-patched-solaris-x86 0.5-2 108.50 NOTE
r-release-linux-x86_64 0.5-2 7.54 51.97 59.51 OK
r-release-windows-ix86+x86_64 0.5-2 15.00 147.00 162.00 OK
r-release-osx-x86_64 0.5-2 NOTE
r-oldrel-windows-ix86+x86_64 0.5-2 16.00 135.00 151.00 OK
r-oldrel-osx-x86_64 0.5-2 NOTE

Check Details

Version: 0.5-2
Check: data for non-ASCII characters
Result: NOTE
     Note: found 3 marked UTF-8 strings
Flavors: r-devel-linux-x86_64-fedora-clang, r-devel-linux-x86_64-fedora-gcc, r-patched-solaris-x86, r-release-osx-x86_64, r-oldrel-osx-x86_64

Version: 0.5-2
Check: installed package size
Result: NOTE
     installed size is 5.0Mb
     sub-directories of 1Mb or more:
     extdata 4.1Mb
Flavor: r-patched-solaris-x86