CRAN Package Check Results for Package sdm

Last updated on 2025-01-20 21:48:34 CET.

Flavor Version Tinstall Tcheck Ttotal Status Flags
r-devel-linux-x86_64-debian-clang 1.2-55 67.47 301.52 368.99 OK
r-devel-linux-x86_64-debian-gcc 1.2-55 40.23 187.64 227.87 OK
r-devel-linux-x86_64-fedora-clang 1.2-55 600.30 OK
r-devel-linux-x86_64-fedora-gcc 1.2-55 603.04 OK
r-devel-windows-x86_64 1.2-55 57.00 232.00 289.00 OK
r-patched-linux-x86_64 1.2-55 64.62 281.43 346.05 OK
r-release-linux-x86_64 1.2-55 57.12 282.93 340.05 OK
r-release-macos-arm64 1.2-55 122.00 OK
r-release-macos-x86_64 1.2-55 375.00 NOTE
r-release-windows-x86_64 1.2-55 50.00 232.00 282.00 OK
r-oldrel-macos-arm64 1.2-55 98.00 OK
r-oldrel-macos-x86_64 1.2-55 321.00 NOTE
r-oldrel-windows-x86_64 1.2-55 47.00 254.00 301.00 OK

Check Details

Version: 1.2-55
Check: installed package size
Result: NOTE installed size is 5.3Mb sub-directories of 1Mb or more: R 3.0Mb external 1.2Mb Flavors: r-release-macos-x86_64, r-oldrel-macos-x86_64