CRAN Package Check Results for Package scrime

Last updated on 2020-06-06 06:47:53 CEST.

Flavor Version Tinstall Tcheck Ttotal Status Flags
r-devel-linux-x86_64-debian-clang 1.3.5 6.91 52.54 59.45 OK
r-devel-linux-x86_64-debian-gcc 1.3.5 4.82 41.02 45.84 OK
r-devel-linux-x86_64-fedora-clang 1.3.5 82.72 OK
r-devel-linux-x86_64-fedora-gcc 1.3.5 69.88 OK
r-devel-windows-ix86+x86_64 1.3.5 15.00 77.00 92.00 OK
r-patched-linux-x86_64 1.3.5 6.63 40.43 47.06 OK
r-patched-solaris-x86 1.3.5 94.00 OK
r-release-linux-x86_64 1.3.5 6.18 48.75 54.93 OK
r-release-osx-x86_64 1.3.5 OK
r-release-windows-ix86+x86_64 1.3.5 11.00 82.00 93.00 OK
r-oldrel-osx-x86_64 1.3.5 NOTE
r-oldrel-windows-ix86+x86_64 1.3.5 12.00 55.00 67.00 OK

Check Details

Version: 1.3.5
Check: package dependencies
Result: NOTE
    Package suggested but not available for checking: ‘oligoClasses’
Flavor: r-oldrel-osx-x86_64