CRAN Package Check Results for Package scraEP

Last updated on 2021-03-06 06:47:36 CET.

Flavor Version Tinstall Tcheck Ttotal Status Flags
r-devel-linux-x86_64-debian-clang 1.1 3.61 38.67 42.28 OK
r-devel-linux-x86_64-debian-gcc 1.1 3.13 29.37 32.50 OK
r-devel-linux-x86_64-fedora-clang 1.1 60.98 NOTE
r-devel-linux-x86_64-fedora-gcc 1.1 50.02 NOTE
r-devel-windows-ix86+x86_64 1.1 10.00 49.00 59.00 OK
r-patched-linux-x86_64 1.1 OK
r-patched-solaris-x86 1.1 76.00 NOTE
r-release-linux-x86_64 1.1 3.84 36.52 40.36 OK
r-release-macos-x86_64 1.1 NOTE
r-release-windows-ix86+x86_64 1.1 10.00 52.00 62.00 OK
r-oldrel-macos-x86_64 1.1 NOTE
r-oldrel-windows-ix86+x86_64 1.1 7.00 39.00 46.00 OK

Check Details

Version: 1.1
Check: data for non-ASCII characters
Result: NOTE
     Note: found 1 marked UTF-8 string
Flavors: r-devel-linux-x86_64-fedora-clang, r-devel-linux-x86_64-fedora-gcc, r-patched-solaris-x86, r-release-macos-x86_64, r-oldrel-macos-x86_64