Last updated on 2025-02-01 12:48:38 CET.
Flavor | Version | Tinstall | Tcheck | Ttotal | Status | Flags |
---|---|---|---|---|---|---|
r-devel-linux-x86_64-debian-clang | 0.4.0 | 7.21 | 54.53 | 61.74 | NOTE | |
r-devel-linux-x86_64-debian-gcc | 0.4.0 | 5.13 | 39.51 | 44.64 | NOTE | |
r-devel-linux-x86_64-fedora-clang | 0.4.0 | 98.45 | NOTE | |||
r-devel-linux-x86_64-fedora-gcc | 0.4.0 | 100.36 | NOTE | |||
r-devel-windows-x86_64 | 0.4.0 | 10.00 | 78.00 | 88.00 | NOTE | |
r-patched-linux-x86_64 | 0.4.0 | 6.50 | 51.49 | 57.99 | OK | |
r-release-linux-x86_64 | 0.4.0 | 6.91 | 50.90 | 57.81 | OK | |
r-release-macos-arm64 | 0.4.0 | 35.00 | OK | |||
r-release-macos-x86_64 | 0.4.0 | 77.00 | OK | |||
r-release-windows-x86_64 | 0.4.0 | 10.00 | 78.00 | 88.00 | OK | |
r-oldrel-macos-arm64 | 0.4.0 | 42.00 | OK | |||
r-oldrel-macos-x86_64 | 0.4.0 | 68.00 | OK | |||
r-oldrel-windows-x86_64 | 0.4.0 | 13.00 | 88.00 | 101.00 | OK |
Version: 0.4.0
Check: DESCRIPTION meta-information
Result: NOTE
Missing dependency on R >= 4.1.0 because package code uses the pipe
|> or function shorthand \(...) syntax added in R 4.1.0.
File(s) using such syntax:
‘as_ggplot.R’ ‘forestplots.R’ ‘private_statline.R’
Flavors: r-devel-linux-x86_64-debian-clang, r-devel-linux-x86_64-debian-gcc, r-devel-linux-x86_64-fedora-clang, r-devel-linux-x86_64-fedora-gcc, r-devel-windows-x86_64