CRAN Package Check Results for Package scout

Last updated on 2024-04-20 12:51:14 CEST.

Flavor Version Tinstall Tcheck Ttotal Status Flags
r-devel-linux-x86_64-debian-clang 1.0.4 4.10 28.89 32.99 OK
r-devel-linux-x86_64-debian-gcc 1.0.4 2.58 22.38 24.96 OK
r-devel-linux-x86_64-fedora-clang 1.0.4 42.24 NOTE
r-devel-linux-x86_64-fedora-gcc 1.0.4 41.75 NOTE
r-prerel-macos-arm64 1.0.4 17.00 OK
r-prerel-windows-x86_64 1.0.4 5.00 44.00 49.00 OK
r-patched-linux-x86_64 1.0.4 3.90 28.57 32.47 OK
r-release-linux-x86_64 1.0.4 3.41 28.58 31.99 OK
r-release-macos-arm64 1.0.4 19.00 OK
r-release-macos-x86_64 1.0.4 24.00 OK
r-release-windows-x86_64 1.0.4 5.00 47.00 52.00 OK
r-oldrel-macos-arm64 1.0.4 18.00 OK
r-oldrel-windows-x86_64 1.0.4 8.00 51.00 59.00 OK

Check Details

Version: 1.0.4
Check: compiled code
Result: NOTE File ‘scout/libs/scout.so’: Found no calls to: ‘R_registerRoutines’, ‘R_useDynamicSymbols’ It is good practice to register native routines and to disable symbol search. See ‘Writing portable packages’ in the ‘Writing R Extensions’ manual. Flavors: r-devel-linux-x86_64-fedora-clang, r-devel-linux-x86_64-fedora-gcc