CRAN Package Check Results for Package scout

Last updated on 2024-06-21 11:56:34 CEST.

Flavor Version Tinstall Tcheck Ttotal Status Flags
r-devel-linux-x86_64-debian-clang 1.0.4 4.94 29.25 34.19 OK
r-devel-linux-x86_64-debian-gcc 1.0.4 3.24 22.81 26.05 OK
r-devel-linux-x86_64-fedora-clang 1.0.4 42.18 NOTE
r-devel-linux-x86_64-fedora-gcc 1.0.4 39.95 NOTE
r-devel-windows-x86_64 1.0.4 5.00 44.00 49.00 OK
r-patched-linux-x86_64 1.0.4 4.06 27.94 32.00 OK
r-release-linux-x86_64 1.0.4 3.18 28.64 31.82 OK
r-release-macos-arm64 1.0.4 17.00 OK
r-release-macos-x86_64 1.0.4 31.00 OK
r-release-windows-x86_64 1.0.4 5.00 45.00 50.00 OK
r-oldrel-macos-arm64 1.0.4 19.00 OK
r-oldrel-macos-x86_64 1.0.4 24.00 OK
r-oldrel-windows-x86_64 1.0.4 5.00 47.00 52.00 OK

Check Details

Version: 1.0.4
Check: compiled code
Result: NOTE File ‘scout/libs/scout.so’: Found no calls to: ‘R_registerRoutines’, ‘R_useDynamicSymbols’ It is good practice to register native routines and to disable symbol search. See ‘Writing portable packages’ in the ‘Writing R Extensions’ manual. Flavors: r-devel-linux-x86_64-fedora-clang, r-devel-linux-x86_64-fedora-gcc