CRAN Package Check Results for Package scout

Last updated on 2023-03-30 21:50:06 CEST.

Flavor Version Tinstall Tcheck Ttotal Status Flags
r-devel-linux-x86_64-debian-clang 1.0.4 3.77 27.80 31.57 OK
r-devel-linux-x86_64-debian-gcc 1.0.4 2.93 22.42 25.35 OK
r-devel-linux-x86_64-fedora-clang 1.0.4 40.55 NOTE
r-devel-linux-x86_64-fedora-gcc 1.0.4 38.97 NOTE
r-patched-linux-x86_64 1.0.4 3.94 27.51 31.45 OK
r-release-linux-x86_64 1.0.4 3.74 28.83 32.57 OK
r-release-macos-arm64 1.0.4 25.00 OK
r-release-macos-x86_64 1.0.4 24.00 OK
r-release-windows-x86_64 1.0.4 8.00 51.00 59.00 OK
r-oldrel-macos-arm64 1.0.4 26.00 OK
r-oldrel-macos-x86_64 1.0.4 32.00 OK
r-oldrel-windows-ix86+x86_64 1.0.4 8.00 51.00 59.00 OK

Check Details

Version: 1.0.4
Check: compiled code
Result: NOTE
    File ‘scout/libs/scout.so’:
     Found no calls to: ‘R_registerRoutines’, ‘R_useDynamicSymbols’
    
    It is good practice to register native routines and to disable symbol
    search.
    
    See ‘Writing portable packages’ in the ‘Writing R Extensions’ manual.
Flavors: r-devel-linux-x86_64-fedora-clang, r-devel-linux-x86_64-fedora-gcc