CRAN Package Check Results for Package scorecardModelUtils

Last updated on 2022-05-26 21:50:17 CEST.

Flavor Version Tinstall Tcheck Ttotal Status Flags
r-devel-linux-x86_64-debian-clang 0.0.1.0 14.48 127.15 141.63 NOTE
r-devel-linux-x86_64-debian-gcc 0.0.1.0 13.34 107.94 121.28 NOTE
r-devel-linux-x86_64-fedora-clang 0.0.1.0 165.69 NOTE
r-devel-linux-x86_64-fedora-gcc 0.0.1.0 156.44 NOTE
r-devel-windows-x86_64 0.0.1.0 172.00 145.00 317.00 NOTE
r-patched-linux-x86_64 0.0.1.0 14.17 120.39 134.56 NOTE
r-release-linux-x86_64 0.0.1.0 13.61 119.52 133.13 NOTE
r-release-macos-arm64 0.0.1.0 43.00 NOTE
r-release-macos-x86_64 0.0.1.0 79.00 NOTE
r-release-windows-x86_64 0.0.1.0 140.00 139.00 279.00 NOTE
r-oldrel-macos-arm64 0.0.1.0 59.00 NOTE
r-oldrel-macos-x86_64 0.0.1.0 96.00 NOTE
r-oldrel-windows-ix86+x86_64 0.0.1.0 33.00 139.00 172.00 NOTE

Check Details

Version: 0.0.1.0
Check: LazyData
Result: NOTE
     'LazyData' is specified without a 'data' directory
Flavors: r-devel-linux-x86_64-debian-clang, r-devel-linux-x86_64-debian-gcc, r-devel-linux-x86_64-fedora-clang, r-devel-linux-x86_64-fedora-gcc, r-devel-windows-x86_64, r-patched-linux-x86_64, r-release-linux-x86_64, r-release-macos-arm64, r-release-macos-x86_64, r-release-windows-x86_64, r-oldrel-macos-arm64, r-oldrel-macos-x86_64, r-oldrel-windows-ix86+x86_64