CRAN Package Check Results for Package scopr

Last updated on 2023-03-22 03:51:28 CET.

Flavor Version Tinstall Tcheck Ttotal Status Flags
r-devel-linux-x86_64-debian-clang 0.3.4 3.96 71.01 74.97 OK
r-devel-linux-x86_64-debian-gcc 0.3.4 2.41 51.69 54.10 OK
r-devel-linux-x86_64-fedora-clang 0.3.4 90.47 NOTE
r-devel-linux-x86_64-fedora-gcc 0.3.4 82.30 NOTE
r-patched-linux-x86_64 0.3.4 11.83 65.26 77.09 OK
r-release-linux-x86_64 0.3.4 2.23 65.36 67.59 OK
r-release-macos-arm64 0.3.4 28.00 NOTE
r-release-macos-x86_64 0.3.4 43.00 NOTE
r-release-windows-x86_64 0.3.4 33.00 93.00 126.00 OK
r-oldrel-macos-arm64 0.3.4 30.00 NOTE
r-oldrel-macos-x86_64 0.3.4 47.00 NOTE
r-oldrel-windows-ix86+x86_64 0.3.4 8.00 89.00 97.00 OK

Check Details

Version: 0.3.4
Check: dependencies in R code
Result: NOTE
    Namespace in Imports field not imported from: ‘curl’
     All declared Imports should be used.
Flavors: r-devel-linux-x86_64-fedora-clang, r-devel-linux-x86_64-fedora-gcc, r-release-macos-arm64, r-release-macos-x86_64, r-oldrel-macos-arm64, r-oldrel-macos-x86_64