Last updated on 2023-03-28 21:54:10 CEST.
Flavor | Version | Tinstall | Tcheck | Ttotal | Status | Flags |
---|---|---|---|---|---|---|
r-devel-linux-x86_64-debian-clang | 1.2.1 | 53.85 | 556.69 | 610.54 | NOTE | |
r-devel-linux-x86_64-debian-gcc | 1.2.1 | 52.31 | 415.42 | 467.73 | NOTE | |
r-devel-linux-x86_64-fedora-clang | 1.2.1 | 627.89 | NOTE | |||
r-devel-linux-x86_64-fedora-gcc | 1.2.1 | 780.13 | NOTE | |||
r-patched-linux-x86_64 | 1.2.1 | 51.54 | 522.26 | 573.80 | NOTE | |
r-release-linux-x86_64 | 1.2.1 | 38.88 | 503.70 | 542.58 | OK | |
r-release-macos-arm64 | 1.2.1 | 154.00 | OK | |||
r-release-macos-x86_64 | 1.2.1 | 253.00 | OK | |||
r-release-windows-x86_64 | 1.2.1 | 54.00 | 557.00 | 611.00 | OK | |
r-oldrel-macos-arm64 | 1.2.1 | 156.00 | OK | |||
r-oldrel-macos-x86_64 | 1.2.1 | 245.00 | OK | |||
r-oldrel-windows-ix86+x86_64 | 1.2.1 | 134.00 | 744.00 | 878.00 | OK |
Version: 1.2.1
Check: C++ specification
Result: NOTE
Specified C++11: please drop specification unless essential
Flavors: r-devel-linux-x86_64-debian-clang, r-devel-linux-x86_64-debian-gcc, r-devel-linux-x86_64-fedora-clang, r-devel-linux-x86_64-fedora-gcc, r-patched-linux-x86_64