Last updated on 2025-02-01 12:48:38 CET.
Flavor | Version | Tinstall | Tcheck | Ttotal | Status | Flags |
---|---|---|---|---|---|---|
r-devel-linux-x86_64-debian-clang | 2024.2 | 2.70 | 28.98 | 31.68 | NOTE | |
r-devel-linux-x86_64-debian-gcc | 2024.2 | 2.21 | 22.81 | 25.02 | NOTE | |
r-devel-linux-x86_64-fedora-clang | 2024.2 | 52.62 | OK | |||
r-devel-linux-x86_64-fedora-gcc | 2024.2 | 62.98 | OK | |||
r-devel-windows-x86_64 | 2024.2 | 5.00 | 50.00 | 55.00 | NOTE | |
r-patched-linux-x86_64 | 2024.2 | 6.83 | 27.40 | 34.23 | OK | |
r-release-linux-x86_64 | 2024.2 | 2.90 | 27.41 | 30.31 | OK | |
r-release-macos-arm64 | 2024.2 | 26.00 | OK | |||
r-release-macos-x86_64 | 2024.2 | 36.00 | OK | |||
r-release-windows-x86_64 | 2024.2 | 5.00 | 49.00 | 54.00 | OK | |
r-oldrel-macos-arm64 | 2024.2 | 28.00 | OK | |||
r-oldrel-macos-x86_64 | 2024.2 | 61.00 | OK | |||
r-oldrel-windows-x86_64 | 2024.2 | 5.00 | 54.00 | 59.00 | OK |
Version: 2024.2
Check: Rd cross-references
Result: NOTE
Found the following Rd file(s) with Rd \link{} targets missing package
anchors:
handout.Rd: pdf_document, html_document
Please provide package anchors for all Rd \link{} targets not in the
package itself and the base packages.
Flavors: r-devel-linux-x86_64-debian-clang, r-devel-linux-x86_64-debian-gcc, r-devel-windows-x86_64