Last updated on 2024-04-25 15:48:10 CEST.
Flavor | Version | Tinstall | Tcheck | Ttotal | Status | Flags |
---|---|---|---|---|---|---|
r-devel-linux-x86_64-debian-clang | 1.0.1 | 4.05 | 35.48 | 39.53 | OK | |
r-devel-linux-x86_64-debian-gcc | 1.0.1 | 2.68 | 27.89 | 30.57 | OK | |
r-devel-linux-x86_64-fedora-clang | 1.0.1 | 52.78 | NOTE | |||
r-devel-linux-x86_64-fedora-gcc | 1.0.1 | 65.63 | NOTE | |||
r-devel-windows-x86_64 | 1.0.1 | 6.00 | 49.00 | 55.00 | OK | |
r-patched-linux-x86_64 | 1.0.1 | 4.84 | 35.81 | 40.65 | OK | |
r-release-linux-x86_64 | 1.0.1 | 4.69 | 33.91 | 38.60 | OK | |
r-release-macos-arm64 | 1.0.1 | 26.00 | OK | |||
r-release-windows-x86_64 | 1.0.1 | 5.00 | 50.00 | 55.00 | OK | |
r-oldrel-macos-arm64 | 1.0.1 | 31.00 | OK | |||
r-oldrel-macos-x86_64 | 1.0.1 | 41.00 | OK | |||
r-oldrel-windows-x86_64 | 1.0.1 | 7.00 | 51.00 | 58.00 | OK |
Version: 1.0.1
Check: data for non-ASCII characters
Result: NOTE
Note: found 464 marked UTF-8 strings
Flavors: r-devel-linux-x86_64-fedora-clang, r-devel-linux-x86_64-fedora-gcc