Last updated on 2025-05-11 12:50:33 CEST.
Flavor | Version | Tinstall | Tcheck | Ttotal | Status | Flags |
---|---|---|---|---|---|---|
r-devel-linux-x86_64-debian-clang | 0.2.4 | 11.21 | 69.66 | 80.87 | NOTE | |
r-devel-linux-x86_64-debian-gcc | 0.2.4 | 7.35 | 50.10 | 57.45 | NOTE | |
r-devel-linux-x86_64-fedora-clang | 0.2.4 | 120.60 | NOTE | |||
r-devel-linux-x86_64-fedora-gcc | 0.2.4 | 129.24 | NOTE | |||
r-devel-windows-x86_64 | 0.2.4 | 12.00 | 96.00 | 108.00 | NOTE | |
r-patched-linux-x86_64 | 0.2.4 | 10.79 | 64.57 | 75.36 | NOTE | |
r-release-linux-x86_64 | 0.2.4 | 9.38 | 63.93 | 73.31 | NOTE | |
r-release-macos-arm64 | 0.2.4 | 73.00 | NOTE | |||
r-release-macos-x86_64 | 0.2.4 | 119.00 | NOTE | |||
r-release-windows-x86_64 | 0.2.4 | 12.00 | 103.00 | 115.00 | NOTE | |
r-oldrel-macos-arm64 | 0.2.4 | 67.00 | NOTE | |||
r-oldrel-macos-x86_64 | 0.2.4 | 90.00 | NOTE | |||
r-oldrel-windows-x86_64 | 0.2.4 | 15.00 | 115.00 | 130.00 | NOTE |
Version: 0.2.4
Check: CRAN incoming feasibility
Result: NOTE
Maintainer: ‘Guangchuang Yu <guangchuangyu@gmail.com>’
Package CITATION file contains call(s) to old-style citEntry(). Please
use bibentry() instead.
Flavors: r-devel-linux-x86_64-debian-clang, r-devel-linux-x86_64-debian-gcc
Version: 0.2.4
Check: Rd files
Result: NOTE
checkRd: (-1) get_profile.Rd:22: Lost braces in \itemize; \value handles \item{}{} directly
checkRd: (-1) get_profile.Rd:23: Lost braces in \itemize; \value handles \item{}{} directly
checkRd: (-1) get_profile.Rd:24: Lost braces in \itemize; \value handles \item{}{} directly
checkRd: (-1) get_profile.Rd:25: Lost braces in \itemize; \value handles \item{}{} directly
checkRd: (-1) get_profile.Rd:26: Lost braces in \itemize; \value handles \item{}{} directly
Flavors: r-devel-linux-x86_64-debian-clang, r-devel-linux-x86_64-debian-gcc, r-devel-linux-x86_64-fedora-clang, r-devel-linux-x86_64-fedora-gcc, r-devel-windows-x86_64, r-patched-linux-x86_64, r-release-linux-x86_64, r-release-macos-arm64, r-release-macos-x86_64, r-release-windows-x86_64, r-oldrel-macos-arm64, r-oldrel-macos-x86_64, r-oldrel-windows-x86_64
Version: 0.2.4
Check: Rd cross-references
Result: NOTE
Found the following Rd file(s) with Rd \link{} targets missing package
anchors:
get_scholar_resp.Rd: response, GET
Please provide package anchors for all Rd \link{} targets not in the
package itself and the base packages.
Flavors: r-devel-linux-x86_64-debian-clang, r-devel-linux-x86_64-debian-gcc, r-devel-windows-x86_64, r-patched-linux-x86_64, r-release-linux-x86_64, r-release-windows-x86_64