Last updated on 2024-03-28 12:50:47 CET.
Flavor | Version | Tinstall | Tcheck | Ttotal | Status | Flags |
---|---|---|---|---|---|---|
r-devel-linux-x86_64-debian-clang | 0.2.4 | 10.15 | 82.02 | 92.17 | NOTE | |
r-devel-linux-x86_64-debian-gcc | 0.2.4 | 9.62 | 61.02 | 70.64 | NOTE | |
r-devel-linux-x86_64-fedora-clang | 0.2.4 | 117.18 | NOTE | |||
r-devel-linux-x86_64-fedora-gcc | 0.2.4 | 125.42 | NOTE | |||
r-devel-windows-x86_64 | 0.2.4 | 13.00 | 94.00 | 107.00 | NOTE | |
r-patched-linux-x86_64 | 0.2.4 | 13.00 | 78.27 | 91.27 | NOTE | |
r-release-linux-x86_64 | 0.2.4 | 8.01 | 77.72 | 85.73 | OK | |
r-release-macos-arm64 | 0.2.4 | 66.00 | OK | |||
r-release-macos-x86_64 | 0.2.4 | 83.00 | OK | |||
r-release-windows-x86_64 | 0.2.4 | 15.00 | 106.00 | 121.00 | OK | |
r-oldrel-macos-arm64 | 0.2.4 | 63.00 | OK | |||
r-oldrel-windows-x86_64 | 0.2.4 | 17.00 | 106.00 | 123.00 | OK |
Version: 0.2.4
Check: Rd files
Result: NOTE
checkRd: (-1) get_profile.Rd:22: Lost braces in \itemize; \value handles \item{}{} directly
checkRd: (-1) get_profile.Rd:23: Lost braces in \itemize; \value handles \item{}{} directly
checkRd: (-1) get_profile.Rd:24: Lost braces in \itemize; \value handles \item{}{} directly
checkRd: (-1) get_profile.Rd:25: Lost braces in \itemize; \value handles \item{}{} directly
checkRd: (-1) get_profile.Rd:26: Lost braces in \itemize; \value handles \item{}{} directly
Flavors: r-devel-linux-x86_64-debian-clang, r-devel-linux-x86_64-debian-gcc, r-devel-linux-x86_64-fedora-clang, r-devel-linux-x86_64-fedora-gcc, r-devel-windows-x86_64, r-patched-linux-x86_64