CRAN Package Check Results for Package scatr

Last updated on 2024-06-12 21:50:02 CEST.

Flavor Version Tinstall Tcheck Ttotal Status Flags
r-devel-linux-x86_64-debian-clang 1.0.1 6.52 26.10 32.62 NOTE
r-devel-linux-x86_64-debian-gcc 1.0.1 0.25 1.70 1.95 ERROR
r-devel-linux-x86_64-fedora-clang 1.0.1 41.18 NOTE
r-devel-linux-x86_64-fedora-gcc 1.0.1 39.03 NOTE
r-devel-windows-x86_64 1.0.1 5.00 41.00 46.00 NOTE
r-patched-linux-x86_64 1.0.1 6.45 25.23 31.68 NOTE
r-release-linux-x86_64 1.0.1 3.41 24.03 27.44 NOTE
r-release-macos-arm64 1.0.1 18.00 NOTE
r-release-macos-x86_64 1.0.1 24.00 NOTE
r-release-windows-x86_64 1.0.1 7.00 41.00 48.00 NOTE
r-oldrel-macos-arm64 1.0.1 17.00 NOTE
r-oldrel-macos-x86_64 1.0.1 23.00 NOTE
r-oldrel-windows-x86_64 1.0.1 7.00 44.00 51.00 NOTE

Check Details

Version: 1.0.1
Check: LazyData
Result: NOTE 'LazyData' is specified without a 'data' directory Flavors: r-devel-linux-x86_64-debian-clang, r-devel-linux-x86_64-fedora-clang, r-devel-linux-x86_64-fedora-gcc, r-devel-windows-x86_64, r-patched-linux-x86_64, r-release-linux-x86_64, r-release-macos-arm64, r-release-macos-x86_64, r-release-windows-x86_64, r-oldrel-macos-arm64, r-oldrel-macos-x86_64, r-oldrel-windows-x86_64

Version: 1.0.1
Check: package dependencies
Result: ERROR Packages required but not available: 'ggplot2', 'cowplot', 'ggstance', 'ggridges' See section ‘The DESCRIPTION file’ in the ‘Writing R Extensions’ manual. Flavor: r-devel-linux-x86_64-debian-gcc

Version: 1.0.1
Check: dependencies in R code
Result: NOTE Namespaces in Imports field not imported from: ‘R6’ ‘cowplot’ ‘ggplot2’ ‘ggridges’ ‘ggstance’ ‘jmvcore’ All declared Imports should be used. Flavors: r-devel-linux-x86_64-fedora-clang, r-devel-linux-x86_64-fedora-gcc