CRAN Package Check Results for Package scan

Last updated on 2022-10-03 21:53:49 CEST.

Flavor Version Tinstall Tcheck Ttotal Status Flags
r-devel-linux-x86_64-debian-clang 0.55 24.22 170.87 195.09 OK
r-devel-linux-x86_64-debian-gcc 0.55 17.88 125.09 142.97 OK
r-devel-linux-x86_64-fedora-clang 0.55 242.17 NOTE
r-devel-linux-x86_64-fedora-gcc 0.55 233.42 NOTE
r-devel-windows-x86_64 0.55 42.00 206.00 248.00 OK
r-patched-linux-x86_64 0.55 31.10 154.97 186.07 OK
r-release-linux-x86_64 0.55 19.06 159.39 178.45 OK
r-release-macos-arm64 0.55 54.00 NOTE
r-release-macos-x86_64 0.55 78.00 NOTE
r-release-windows-x86_64 0.55 47.00 188.00 235.00 OK
r-oldrel-macos-arm64 0.55 55.00 NOTE
r-oldrel-macos-x86_64 0.55 80.00 NOTE
r-oldrel-windows-ix86+x86_64 0.55 44.00 187.00 231.00 OK

Check Details

Version: 0.55
Check: data for non-ASCII characters
Result: NOTE
     Note: found 1 marked UTF-8 string
Flavors: r-devel-linux-x86_64-fedora-clang, r-devel-linux-x86_64-fedora-gcc, r-release-macos-arm64, r-release-macos-x86_64, r-oldrel-macos-arm64, r-oldrel-macos-x86_64