CRAN Package Check Results for Package scalpel

Last updated on 2023-09-29 12:57:09 CEST.

Flavor Version Tinstall Tcheck Ttotal Status Flags
r-devel-linux-x86_64-debian-clang 1.0.3 11.66 88.54 100.20 NOTE
r-devel-linux-x86_64-debian-gcc 1.0.3 11.08 67.07 78.15 NOTE
r-devel-linux-x86_64-fedora-clang 1.0.3 125.33 NOTE
r-devel-linux-x86_64-fedora-gcc 1.0.3 119.83 NOTE
r-devel-windows-x86_64 1.0.3 13.00 84.00 97.00 NOTE
r-patched-linux-x86_64 1.0.3 15.45 86.17 101.62 NOTE
r-release-linux-x86_64 1.0.3 13.62 87.09 100.71 NOTE
r-release-macos-arm64 1.0.3 39.00 NOTE
r-release-macos-x86_64 1.0.3 58.00 NOTE
r-release-windows-x86_64 1.0.3 18.00 108.00 126.00 NOTE
r-oldrel-macos-arm64 1.0.3 36.00 NOTE
r-oldrel-macos-x86_64 1.0.3 49.00 NOTE
r-oldrel-windows-x86_64 1.0.3 18.00 98.00 116.00 NOTE

Check Details

Version: 1.0.3
Check: LazyData
Result: NOTE
     'LazyData' is specified without a 'data' directory
Flavors: r-devel-linux-x86_64-debian-clang, r-devel-linux-x86_64-debian-gcc, r-devel-linux-x86_64-fedora-clang, r-devel-linux-x86_64-fedora-gcc, r-devel-windows-x86_64, r-patched-linux-x86_64, r-release-linux-x86_64, r-release-macos-arm64, r-release-macos-x86_64, r-release-windows-x86_64, r-oldrel-macos-arm64, r-oldrel-macos-x86_64, r-oldrel-windows-x86_64