CRAN Package Check Results for Package scaleAlign

Last updated on 2023-03-31 21:53:15 CEST.

Flavor Version Tinstall Tcheck Ttotal Status Flags
r-devel-linux-x86_64-debian-clang 1.0.0.0 2.25 26.13 28.38 NOTE
r-devel-linux-x86_64-debian-gcc 1.0.0.0 1.81 19.89 21.70 NOTE
r-devel-linux-x86_64-fedora-clang 1.0.0.0 35.91 NOTE
r-devel-linux-x86_64-fedora-gcc 1.0.0.0 34.22 NOTE
r-patched-linux-x86_64 1.0.0.0 2.22 24.73 26.95 NOTE
r-release-linux-x86_64 1.0.0.0 2.22 26.10 28.32 NOTE
r-release-macos-arm64 1.0.0.0 17.00 NOTE
r-release-macos-x86_64 1.0.0.0 21.00 NOTE
r-release-windows-x86_64 1.0.0.0 11.00 54.00 65.00 NOTE
r-oldrel-macos-arm64 1.0.0.0 19.00 NOTE
r-oldrel-macos-x86_64 1.0.0.0 27.00 NOTE
r-oldrel-windows-ix86+x86_64 1.0.0.0 5.00 50.00 55.00 NOTE

Check Details

Version: 1.0.0.0
Check: LazyData
Result: NOTE
     'LazyData' is specified without a 'data' directory
Flavors: r-devel-linux-x86_64-debian-clang, r-devel-linux-x86_64-debian-gcc, r-devel-linux-x86_64-fedora-clang, r-devel-linux-x86_64-fedora-gcc, r-patched-linux-x86_64, r-release-linux-x86_64, r-release-macos-arm64, r-release-macos-x86_64, r-release-windows-x86_64, r-oldrel-macos-arm64, r-oldrel-macos-x86_64, r-oldrel-windows-ix86+x86_64