Last updated on 2024-04-23 12:49:41 CEST.
Flavor | Version | Tinstall | Tcheck | Ttotal | Status | Flags |
---|---|---|---|---|---|---|
r-devel-linux-x86_64-debian-clang | 1.0.4 | 0.63 | 2.13 | 2.76 | ERROR | |
r-devel-linux-x86_64-debian-gcc | 1.0.4 | 1.67 | 1.67 | ERROR | ||
r-devel-linux-x86_64-fedora-clang | 1.0.4 | 478.57 | NOTE | |||
r-devel-linux-x86_64-fedora-gcc | 1.0.4 | 461.37 | NOTE | |||
r-prerel-macos-arm64 | 1.0.4 | 109.00 | OK | |||
r-prerel-macos-x86_64 | 1.0.4 | 194.00 | OK | |||
r-prerel-windows-x86_64 | 1.0.4 | 62.00 | 233.00 | 295.00 | OK | |
r-patched-linux-x86_64 | 1.0.4 | 72.60 | 262.10 | 334.70 | OK | |
r-release-linux-x86_64 | 1.0.4 | 69.54 | 259.65 | 329.19 | OK | |
r-release-macos-arm64 | 1.0.4 | 126.00 | NOTE | |||
r-release-macos-x86_64 | 1.0.4 | 202.00 | NOTE | |||
r-release-windows-x86_64 | 1.0.4 | 80.00 | 283.00 | 363.00 | OK | |
r-oldrel-macos-arm64 | 1.0.4 | 143.00 | OK | |||
r-oldrel-windows-x86_64 | 1.0.4 | 78.00 | 266.00 | 344.00 | OK |
Version: 1.0.4
Check: package dependencies
Result: ERROR
Package required but not available: ‘sva’
Packages suggested but not available for checking:
'simplifyEnrichment', 'WGCNA', 'AnnotationDbi', 'GO.db'
See section ‘The DESCRIPTION file’ in the ‘Writing R Extensions’
manual.
Flavor: r-devel-linux-x86_64-debian-clang
Version: 1.0.4
Check: package dependencies
Result: ERROR
Package required but not available: ‘sva’
See section ‘The DESCRIPTION file’ in the ‘Writing R Extensions’
manual.
Flavor: r-devel-linux-x86_64-debian-gcc
Version: 1.0.4
Check: package dependencies
Result: NOTE
Packages suggested but not available for checking: 'conos', 'pagoda2'
Flavors: r-devel-linux-x86_64-fedora-clang, r-devel-linux-x86_64-fedora-gcc
Version: 1.0.4
Check: package dependencies
Result: NOTE
Package suggested but not available for checking: ‘simplifyEnrichment’
Flavors: r-release-macos-arm64, r-release-macos-x86_64