Last updated on 2024-04-24 21:54:58 CEST.
Flavor | Version | Tinstall | Tcheck | Ttotal | Status | Flags |
---|---|---|---|---|---|---|
r-devel-linux-x86_64-debian-clang | 1.0.0 | 37.01 | 607.82 | 644.83 | OK | |
r-devel-linux-x86_64-debian-gcc | 1.0.0 | 28.89 | 1141.66 | 1170.55 | OK | |
r-devel-linux-x86_64-fedora-clang | 1.0.0 | 984.14 | NOTE | |||
r-devel-linux-x86_64-fedora-gcc | 1.0.0 | 769.44 | NOTE | |||
r-devel-windows-x86_64 | 1.0.0 | 33.00 | 454.00 | 487.00 | OK | |
r-patched-linux-x86_64 | 1.0.0 | 28.71 | 1406.15 | 1434.86 | OK | |
r-release-linux-x86_64 | 1.0.0 | 22.78 | 1465.30 | 1488.08 | OK | |
r-release-macos-arm64 | 1.0.0 | 234.00 | NOTE | |||
r-release-macos-x86_64 | 1.0.0 | 510.00 | NOTE | |||
r-release-windows-x86_64 | 1.0.0 | 31.00 | 457.00 | 488.00 | OK | |
r-oldrel-macos-arm64 | 1.0.0 | 222.00 | NOTE | |||
r-oldrel-macos-x86_64 | 1.0.0 | 700.00 | NOTE | |||
r-oldrel-windows-x86_64 | 1.0.0 | 43.00 | 587.00 | 630.00 | OK |
Version: 1.0.0
Check: package dependencies
Result: NOTE
Packages suggested but not available for checking:
'rrvgo', 'SingleCellSignalR'
Flavors: r-devel-linux-x86_64-fedora-clang, r-devel-linux-x86_64-fedora-gcc
Version: 1.0.0
Check: package dependencies
Result: NOTE
Packages suggested but not available for checking:
'ontoProc', 'rrvgo', 'SingleCellSignalR'
Flavors: r-release-macos-arm64, r-oldrel-macos-x86_64
Version: 1.0.0
Check: package dependencies
Result: NOTE
Package suggested but not available for checking: ‘ontoProc’
Flavor: r-release-macos-x86_64
Version: 1.0.0
Check: package dependencies
Result: NOTE
Packages suggested but not available for checking: 'ontoProc', 'rrvgo'
Flavor: r-oldrel-macos-arm64