CRAN Package Check Results for Package sbw

Last updated on 2020-10-01 12:49:13 CEST.

Flavor Version Tinstall Tcheck Ttotal Status Flags
r-devel-linux-x86_64-debian-clang 1.1.1 11.09 82.72 93.81 NOTE
r-devel-linux-x86_64-debian-gcc 1.1.1 7.74 62.82 70.56 NOTE
r-devel-linux-x86_64-fedora-clang 1.1.1 118.67 NOTE
r-devel-linux-x86_64-fedora-gcc 1.1.1 111.34 NOTE
r-devel-windows-ix86+x86_64 1.1.1 22.00 92.00 114.00 NOTE
r-patched-linux-x86_64 1.1.1 9.79 73.95 83.74 NOTE
r-patched-solaris-x86 1.1.1 159.20 NOTE
r-release-linux-x86_64 1.1.1 11.58 73.96 85.54 NOTE
r-release-macos-x86_64 1.1.1 NOTE
r-release-windows-ix86+x86_64 1.1.1 23.00 101.00 124.00 NOTE
r-oldrel-macos-x86_64 1.1.1 NOTE
r-oldrel-windows-ix86+x86_64 1.1.1 19.00 94.00 113.00 NOTE

Check Details

Version: 1.1.1
Check: package dependencies
Result: NOTE
    Packages which this enhances but not available for checking:
     'gurobi', 'pogs'
Flavors: r-devel-linux-x86_64-debian-clang, r-devel-linux-x86_64-debian-gcc, r-patched-linux-x86_64, r-release-linux-x86_64

Version: 1.1.1
Check: package dependencies
Result: NOTE
    Packages which this enhances but not available for checking:
     'gurobi', 'Rcplex', 'pogs'
Flavors: r-devel-linux-x86_64-fedora-clang, r-devel-linux-x86_64-fedora-gcc, r-devel-windows-ix86+x86_64, r-release-macos-x86_64, r-release-windows-ix86+x86_64, r-oldrel-macos-x86_64, r-oldrel-windows-ix86+x86_64

Version: 1.1.1
Check: package dependencies
Result: NOTE
    Packages which this enhances but not available for checking:
     'gurobi', 'Rcplex', 'Rmosek', 'pogs'
Flavor: r-patched-solaris-x86