CRAN Package Check Results for Package sbtools

Last updated on 2023-09-23 05:58:09 CEST.

Flavor Version Tinstall Tcheck Ttotal Status Flags
r-devel-linux-x86_64-debian-clang 1.2.0 3.89 41.68 45.57 NOTE
r-devel-linux-x86_64-debian-gcc 1.2.0 3.77 31.80 35.57 NOTE
r-devel-linux-x86_64-fedora-clang 1.2.0 56.92 NOTE
r-devel-linux-x86_64-fedora-gcc 1.2.0 56.00 NOTE
r-devel-windows-x86_64 1.2.0 6.00 66.00 72.00 NOTE
r-patched-linux-x86_64 1.2.0 6.38 40.37 46.75 OK
r-release-linux-x86_64 1.2.0 4.64 40.80 45.44 OK
r-release-macos-arm64 1.2.0 23.00 OK
r-release-macos-x86_64 1.2.0 44.00 OK
r-release-windows-x86_64 1.2.0 7.00 71.00 78.00 OK
r-oldrel-macos-arm64 1.2.0 23.00 OK
r-oldrel-macos-x86_64 1.2.0 32.00 OK
r-oldrel-windows-x86_64 1.2.0 7.00 60.00 67.00 OK

Check Details

Version: 1.2.0
Check: Rd \usage sections
Result: NOTE
    Documented arguments not in \usage in documentation object 'item_rm_recursive':
     ‘sb_id’
    
    Documented arguments not in \usage in documentation object 'session_age':
     ‘sb_id’ ‘...’
    
    Documented arguments not in \usage in documentation object 'session_expired':
     ‘sb_id’ ‘...’
    
    Functions with \usage entries need to have the appropriate \alias
    entries, and all their arguments documented.
    The \usage entries must correspond to syntactically valid R code.
    See chapter ‘Writing R documentation files’ in the ‘Writing R
    Extensions’ manual.
Flavors: r-devel-linux-x86_64-debian-clang, r-devel-linux-x86_64-debian-gcc, r-devel-linux-x86_64-fedora-clang, r-devel-linux-x86_64-fedora-gcc, r-devel-windows-x86_64