Last updated on 2023-09-29 12:57:09 CEST.
Flavor | Version | Tinstall | Tcheck | Ttotal | Status | Flags |
---|---|---|---|---|---|---|
r-devel-linux-x86_64-debian-clang | 1.0.3 | 49.04 | 98.48 | 147.52 | OK | |
r-devel-linux-x86_64-debian-gcc | 1.0.3 | 38.98 | 79.26 | 118.24 | OK | |
r-devel-linux-x86_64-fedora-clang | 1.0.3 | 198.36 | OK | |||
r-devel-linux-x86_64-fedora-gcc | 1.0.3 | 203.33 | OK | |||
r-devel-windows-x86_64 | 1.0.3 | 40.00 | 116.00 | 156.00 | OK | |
r-patched-linux-x86_64 | 1.0.3 | 35.38 | 96.15 | 131.53 | OK | |
r-release-linux-x86_64 | 1.0.3 | 36.60 | 97.40 | 134.00 | OK | |
r-release-macos-arm64 | 1.0.3 | 57.00 | NOTE | |||
r-release-macos-x86_64 | 1.0.3 | 88.00 | NOTE | |||
r-release-windows-x86_64 | 1.0.3 | 55.00 | 137.00 | 192.00 | OK | |
r-oldrel-macos-arm64 | 1.0.3 | 48.00 | OK | |||
r-oldrel-macos-x86_64 | 1.0.3 | 101.00 | OK | |||
r-oldrel-windows-x86_64 | 1.0.3 | 53.00 | 128.00 | 181.00 | OK |
Version: 1.0.3
Check: installed package size
Result: NOTE
installed size is 5.3Mb
sub-directories of 1Mb or more:
data 2.0Mb
libs 3.1Mb
Flavors: r-release-macos-arm64, r-release-macos-x86_64