CRAN Package Check Results for Package sazedR

Last updated on 2023-09-29 12:57:09 CEST.

Flavor Version Tinstall Tcheck Ttotal Status Flags
r-devel-linux-x86_64-debian-clang 2.0.2 4.70 46.08 50.78 NOTE
r-devel-linux-x86_64-debian-gcc 2.0.2 4.49 34.22 38.71 NOTE
r-devel-linux-x86_64-fedora-clang 2.0.2 62.90 NOTE
r-devel-linux-x86_64-fedora-gcc 2.0.2 60.54 NOTE
r-devel-windows-x86_64 2.0.2 6.00 62.00 68.00 NOTE
r-patched-linux-x86_64 2.0.2 5.33 43.43 48.76 NOTE
r-release-linux-x86_64 2.0.2 3.80 43.41 47.21 NOTE
r-release-macos-arm64 2.0.2 25.00 NOTE
r-release-macos-x86_64 2.0.2 33.00 NOTE
r-release-windows-x86_64 2.0.2 7.00 63.00 70.00 NOTE
r-oldrel-macos-arm64 2.0.2 24.00 NOTE
r-oldrel-macos-x86_64 2.0.2 47.00 NOTE
r-oldrel-windows-x86_64 2.0.2 8.00 65.00 73.00 NOTE

Check Details

Version: 2.0.2
Check: LazyData
Result: NOTE
     'LazyData' is specified without a 'data' directory
Flavors: r-devel-linux-x86_64-debian-clang, r-devel-linux-x86_64-debian-gcc, r-devel-linux-x86_64-fedora-clang, r-devel-linux-x86_64-fedora-gcc, r-devel-windows-x86_64, r-patched-linux-x86_64, r-release-linux-x86_64, r-release-macos-arm64, r-release-macos-x86_64, r-release-windows-x86_64, r-oldrel-macos-arm64, r-oldrel-macos-x86_64, r-oldrel-windows-x86_64