Last updated on 2023-04-02 06:50:42 CEST.
Flavor | Version | Tinstall | Tcheck | Ttotal | Status | Flags |
---|---|---|---|---|---|---|
r-devel-linux-x86_64-debian-clang | 1.0.4 | 55.89 | 430.59 | 486.48 | OK | |
r-devel-linux-x86_64-debian-gcc | 1.0.4 | 45.81 | 307.29 | 353.10 | OK | |
r-devel-linux-x86_64-fedora-clang | 1.0.4 | 588.70 | OK | |||
r-devel-linux-x86_64-fedora-gcc | 1.0.4 | 573.51 | OK | |||
r-patched-linux-x86_64 | 1.0.4 | 50.31 | 399.95 | 450.26 | OK | |
r-release-linux-x86_64 | 1.0.4 | 46.61 | 393.22 | 439.83 | OK | |
r-release-macos-arm64 | 1.0.4 | 132.00 | OK | |||
r-release-macos-x86_64 | 1.0.4 | 177.00 | OK | |||
r-release-windows-x86_64 | 1.0.4 | 120.00 | 456.00 | 576.00 | OK | |
r-oldrel-macos-arm64 | 1.0.4 | 155.00 | OK | |||
r-oldrel-macos-x86_64 | 1.0.4 | 171.00 | OK | |||
r-oldrel-windows-ix86+x86_64 | 1.0.4 | 122.00 | 607.00 | 729.00 | NOTE |
Version: 1.0.4
Check: installed package size
Result: NOTE
installed size is 5.6Mb
sub-directories of 1Mb or more:
R 1.6Mb
extdata 1.3Mb
libs 2.0Mb
Flavor: r-oldrel-windows-ix86+x86_64