CRAN Package Check Results for Package satdad

Last updated on 2024-06-20 05:53:57 CEST.

Flavor Version Tinstall Tcheck Ttotal Status Flags
r-devel-linux-x86_64-debian-clang 1.1 55.24 99.17 154.41 NOTE
r-devel-linux-x86_64-debian-gcc 1.1 35.14 76.29 111.43 NOTE
r-devel-linux-x86_64-fedora-clang 1.1 206.66 NOTE
r-devel-linux-x86_64-fedora-gcc 1.1 217.48 NOTE
r-devel-windows-x86_64 1.1 39.00 121.00 160.00 NOTE
r-patched-linux-x86_64 1.1 32.06 96.75 128.81 NOTE
r-release-linux-x86_64 1.1 32.18 93.13 125.31 NOTE
r-release-macos-arm64 1.1 61.00 NOTE
r-release-macos-x86_64 1.1 87.00 NOTE
r-release-windows-x86_64 1.1 39.00 123.00 162.00 NOTE
r-oldrel-macos-arm64 1.1 67.00 NOTE
r-oldrel-macos-x86_64 1.1 94.00 NOTE
r-oldrel-windows-x86_64 1.1 50.00 136.00 186.00 NOTE

Check Details

Version: 1.1
Check: Rd files
Result: NOTE checkRd: (-1) gen.ds.Rd:43-48: Lost braces in \itemize; meant \describe ? checkRd: (-1) gen.ds.Rd:50-53: Lost braces in \itemize; meant \describe ? checkRd: (-1) gen.ds.Rd:64-65: Lost braces 64 | \item{the dependence parameter \code{dep} or the vector of dependence parameters \code{dep}. When missing, these coefficients are obtained from independent standard uniform sampling. | ^ checkRd: (-1) gen.ds.Rd:66: Lost braces 66 | \item{the list \code{asy} of asymmetric weights \eqn{\beta_{i,b}} for \eqn{b \in B} and \eqn{i \in b}. When missing, these coefficients are obtained from independent standard uniform sampling followed by renormalization in order to satisfy the sum-to-one constraints.} | ^ Flavors: r-devel-linux-x86_64-debian-clang, r-devel-linux-x86_64-debian-gcc, r-devel-linux-x86_64-fedora-clang, r-devel-linux-x86_64-fedora-gcc, r-devel-windows-x86_64, r-patched-linux-x86_64, r-release-linux-x86_64, r-release-macos-arm64, r-release-macos-x86_64, r-release-windows-x86_64

Version: 1.1
Check: Rd cross-references
Result: NOTE Undeclared package ‘evd’ in Rd xrefs Flavor: r-devel-linux-x86_64-fedora-clang

Version: 1.1
Check: installed package size
Result: NOTE installed size is 5.2Mb sub-directories of 1Mb or more: doc 3.9Mb libs 1.1Mb Flavors: r-devel-windows-x86_64, r-release-macos-arm64, r-release-macos-x86_64, r-release-windows-x86_64, r-oldrel-macos-arm64, r-oldrel-macos-x86_64, r-oldrel-windows-x86_64