Last updated on 2024-04-18 21:57:04 CEST.
Flavor | Version | Tinstall | Tcheck | Ttotal | Status | Flags |
---|---|---|---|---|---|---|
r-devel-linux-x86_64-debian-clang | 0.4.9 | 229.26 | 64.12 | 293.38 | NOTE | |
r-devel-linux-x86_64-debian-gcc | 0.4.9 | 189.01 | 48.83 | 237.84 | NOTE | |
r-devel-linux-x86_64-fedora-clang | 0.4.9 | 565.20 | NOTE | |||
r-devel-linux-x86_64-fedora-gcc | 0.4.9 | 460.39 | NOTE | |||
r-prerel-macos-arm64 | 0.4.9 | 118.00 | NOTE | |||
r-prerel-macos-x86_64 | 0.4.9 | 365.00 | NOTE | |||
r-prerel-windows-x86_64 | 0.4.9 | 212.00 | 112.00 | 324.00 | NOTE | |
r-patched-linux-x86_64 | 0.4.9 | 221.60 | 66.64 | 288.24 | NOTE | |
r-release-linux-x86_64 | 0.4.9 | 222.22 | 65.89 | 288.11 | NOTE | |
r-release-macos-arm64 | 0.4.9 | 110.00 | NOTE | |||
r-release-macos-x86_64 | 0.4.9 | 340.00 | NOTE | |||
r-release-windows-x86_64 | 0.4.9 | 269.00 | 135.00 | 404.00 | NOTE | |
r-oldrel-macos-arm64 | 0.4.9 | 102.00 | NOTE | |||
r-oldrel-windows-x86_64 | 0.4.9 | 256.00 | 127.00 | 383.00 | NOTE |
Version: 0.4.9
Check: for GNU extensions in Makefiles
Result: NOTE
GNU make is a SystemRequirements.
Flavors: r-devel-linux-x86_64-debian-clang, r-devel-linux-x86_64-debian-gcc, r-devel-linux-x86_64-fedora-clang, r-devel-linux-x86_64-fedora-gcc, r-prerel-macos-arm64, r-prerel-macos-x86_64, r-prerel-windows-x86_64, r-patched-linux-x86_64, r-release-linux-x86_64, r-release-macos-arm64, r-release-macos-x86_64, r-release-windows-x86_64, r-oldrel-macos-arm64, r-oldrel-windows-x86_64
Version: 0.4.9
Check: installed package size
Result: NOTE
installed size is 5.4Mb
sub-directories of 1Mb or more:
doc 1.7Mb
libs 3.2Mb
Flavors: r-devel-linux-x86_64-fedora-clang, r-prerel-macos-arm64, r-prerel-macos-x86_64, r-prerel-windows-x86_64, r-release-macos-arm64, r-release-macos-x86_64, r-release-windows-x86_64, r-oldrel-macos-arm64, r-oldrel-windows-x86_64