CRAN Package Check Results for Package sarima

Last updated on 2022-11-30 20:55:24 CET.

Flavor Version Tinstall Tcheck Ttotal Status Flags
r-devel-linux-x86_64-debian-clang 0.9.1 81.39 315.82 397.21 NOTE
r-devel-linux-x86_64-debian-gcc 0.9.1 63.13 226.19 289.32 NOTE
r-devel-linux-x86_64-fedora-clang 0.9.1 509.44 NOTE
r-devel-linux-x86_64-fedora-gcc 0.9.1 507.97 NOTE
r-devel-windows-x86_64 0.9.1 124.00 374.00 498.00 OK
r-patched-linux-x86_64 0.9.1 64.20 311.73 375.93 NOTE
r-release-linux-x86_64 0.9.1 68.60 304.83 373.43 NOTE
r-release-macos-arm64 0.9.1 117.00 OK
r-release-macos-x86_64 0.9.1 161.00 NOTE
r-release-windows-x86_64 0.9.1 120.00 383.00 503.00 OK
r-oldrel-macos-arm64 0.9.1 105.00 OK
r-oldrel-macos-x86_64 0.9.1 159.00 OK
r-oldrel-windows-ix86+x86_64 0.9.1 185.00 621.00 806.00 OK

Check Details

Version: 0.9.1
Check: package dependencies
Result: NOTE
    Package suggested but not available for checking: 'FitARMA'
Flavors: r-devel-linux-x86_64-debian-clang, r-devel-linux-x86_64-debian-gcc, r-devel-linux-x86_64-fedora-clang, r-devel-linux-x86_64-fedora-gcc, r-patched-linux-x86_64, r-release-linux-x86_64, r-release-macos-x86_64