CRAN Package Check Results for Package sanic

Last updated on 2021-12-03 21:50:44 CET.

Flavor Version Tinstall Tcheck Ttotal Status Flags
r-devel-linux-x86_64-debian-clang 0.0.1 106.37 58.93 165.30 OK
r-devel-linux-x86_64-debian-gcc 0.0.1 83.25 50.31 133.56 OK
r-devel-linux-x86_64-fedora-clang 0.0.1 251.78 NOTE
r-devel-linux-x86_64-fedora-gcc 0.0.1 230.59 OK
r-devel-windows-x86_64-new-UL 0.0.1 123.00 128.00 251.00 OK
r-devel-windows-x86_64-new-TK 0.0.1 OK
r-devel-windows-x86_64-old 0.0.1 130.00 106.00 236.00 OK
r-patched-linux-x86_64 0.0.1 99.45 61.56 161.01 OK
r-release-linux-x86_64 0.0.1 98.46 62.13 160.59 OK
r-release-macos-arm64 0.0.1 NOTE
r-release-macos-x86_64 0.0.1 NOTE
r-release-windows-ix86+x86_64 0.0.1 241.00 123.00 364.00 OK
r-oldrel-macos-x86_64 0.0.1 NOTE
r-oldrel-windows-ix86+x86_64 0.0.1 246.00 124.00 370.00 OK

Check Details

Version: 0.0.1
Check: installed package size
Result: NOTE
     installed size is 21.2Mb
     sub-directories of 1Mb or more:
     libs 21.1Mb
Flavors: r-devel-linux-x86_64-fedora-clang, r-release-macos-arm64, r-release-macos-x86_64, r-oldrel-macos-x86_64