Last updated on 2024-04-19 11:57:00 CEST.
Flavor | Version | Tinstall | Tcheck | Ttotal | Status | Flags |
---|---|---|---|---|---|---|
r-devel-linux-x86_64-debian-clang | 0.0.2 | 243.49 | 67.43 | 310.92 | OK | |
r-devel-linux-x86_64-debian-gcc | 0.0.2 | OK | ||||
r-devel-linux-x86_64-fedora-clang | 0.0.2 | 411.36 | OK | |||
r-devel-linux-x86_64-fedora-gcc | 0.0.2 | 501.76 | OK | |||
r-prerel-macos-arm64 | 0.0.2 | 94.00 | NOTE | |||
r-prerel-windows-x86_64 | 0.0.2 | 178.00 | 93.00 | 271.00 | OK | |
r-patched-linux-x86_64 | 0.0.2 | 260.12 | 80.25 | 340.37 | OK | |
r-release-linux-x86_64 | 0.0.2 | 268.62 | 86.33 | 354.95 | OK | |
r-release-macos-arm64 | 0.0.2 | 101.00 | NOTE | |||
r-release-macos-x86_64 | 0.0.2 | 112.00 | NOTE | |||
r-release-windows-x86_64 | 0.0.2 | 217.00 | 122.00 | 339.00 | OK | |
r-oldrel-macos-arm64 | 0.0.2 | 94.00 | NOTE | |||
r-oldrel-windows-x86_64 | 0.0.2 | 210.00 | 110.00 | 320.00 | OK |
Version: 0.0.2
Check: installed package size
Result: NOTE
installed size is 53.6Mb
sub-directories of 1Mb or more:
libs 53.5Mb
Flavors: r-prerel-macos-arm64, r-release-macos-arm64, r-release-macos-x86_64, r-oldrel-macos-arm64