CRAN Package Check Results for Package sanic

Last updated on 2022-11-29 05:53:29 CET.

Flavor Version Tinstall Tcheck Ttotal Status Flags
r-devel-linux-x86_64-debian-clang 0.0.1 117.81 69.82 187.63 OK
r-devel-linux-x86_64-debian-gcc 0.0.1 87.63 57.16 144.79 OK
r-devel-linux-x86_64-fedora-clang 0.0.1 250.04 OK
r-devel-linux-x86_64-fedora-gcc 0.0.1 253.60 OK
r-devel-windows-x86_64 0.0.1 76.00 114.00 190.00 OK
r-patched-linux-x86_64 0.0.1 95.17 70.91 166.08 OK
r-release-linux-x86_64 0.0.1 96.27 71.45 167.72 OK
r-release-macos-arm64 0.0.1 66.00 NOTE
r-release-macos-x86_64 0.0.1 82.00 NOTE
r-release-windows-x86_64 0.0.1 90.00 118.00 208.00 OK
r-oldrel-macos-arm64 0.0.1 74.00 NOTE
r-oldrel-macos-x86_64 0.0.1 125.00 NOTE
r-oldrel-windows-ix86+x86_64 0.0.1 250.00 134.00 384.00 OK

Check Details

Version: 0.0.1
Check: installed package size
Result: NOTE
     installed size is 23.1Mb
     sub-directories of 1Mb or more:
     libs 23.0Mb
Flavors: r-release-macos-arm64, r-release-macos-x86_64, r-oldrel-macos-arm64, r-oldrel-macos-x86_64