CRAN Package Check Results for Package salso

Last updated on 2024-07-22 11:56:36 CEST.

Flavor Version Tinstall Tcheck Ttotal Status Flags
r-devel-linux-x86_64-debian-clang 0.3.35 131.15 43.14 174.29 OK
r-devel-linux-x86_64-debian-gcc 0.3.35 92.52 33.24 125.76 OK
r-devel-linux-x86_64-fedora-clang 0.3.35 246.55 OK
r-devel-linux-x86_64-fedora-gcc 0.3.35 243.59 OK
r-devel-windows-x86_64 0.3.35 87.00 68.00 155.00 OK
r-patched-linux-x86_64 0.3.35 124.69 41.80 166.49 OK
r-release-linux-x86_64 0.3.35 125.32 39.90 165.22 OK
r-release-macos-arm64 0.3.35 55.00 NOTE
r-release-macos-x86_64 0.3.35 87.00 NOTE
r-release-windows-x86_64 0.3.35 84.00 72.00 156.00 OK
r-oldrel-macos-arm64 0.3.35 64.00 NOTE
r-oldrel-macos-x86_64 0.3.35 132.00 NOTE
r-oldrel-windows-x86_64 0.3.35 88.00 94.00 182.00 OK

Check Details

Version: 0.3.35
Check: installed package size
Result: NOTE installed size is 7.6Mb sub-directories of 1Mb or more: libs 7.3Mb Flavors: r-release-macos-arm64, r-release-macos-x86_64, r-oldrel-macos-arm64, r-oldrel-macos-x86_64