CRAN Package Check Results for Package saeMSPE

Last updated on 2023-09-23 21:52:56 CEST.

Flavor Version Tinstall Tcheck Ttotal Status Flags
r-devel-linux-x86_64-debian-clang 1.2 56.75 75.56 132.31 NOTE
r-devel-linux-x86_64-debian-gcc 1.2 46.63 58.51 105.14 NOTE
r-devel-linux-x86_64-fedora-clang 1.2 178.90 NOTE
r-devel-linux-x86_64-fedora-gcc 1.2 188.26 NOTE
r-devel-windows-x86_64 1.2 44.00 96.00 140.00 NOTE
r-patched-linux-x86_64 1.2 50.55 73.76 124.31 NOTE
r-release-linux-x86_64 1.2 52.42 75.58 128.00 NOTE
r-release-macos-arm64 1.2 55.00 NOTE
r-release-macos-x86_64 1.2 87.00 NOTE
r-release-windows-x86_64 1.2 61.00 113.00 174.00 NOTE
r-oldrel-macos-arm64 1.2 50.00 NOTE
r-oldrel-macos-x86_64 1.2 64.00 NOTE
r-oldrel-windows-x86_64 1.2 56.00 112.00 168.00 OK

Check Details

Version: 1.2
Check: C++ specification
Result: NOTE
     Specified C++11: please drop specification unless essential
Flavors: r-devel-linux-x86_64-debian-clang, r-devel-linux-x86_64-debian-gcc, r-devel-linux-x86_64-fedora-clang, r-devel-linux-x86_64-fedora-gcc, r-devel-windows-x86_64, r-patched-linux-x86_64, r-release-linux-x86_64, r-release-macos-arm64, r-release-macos-x86_64, r-release-windows-x86_64

Version: 1.2
Check: installed package size
Result: NOTE
     installed size is 7.2Mb
     sub-directories of 1Mb or more:
     libs 6.9Mb
Flavors: r-release-macos-arm64, r-release-macos-x86_64, r-oldrel-macos-arm64, r-oldrel-macos-x86_64