Last updated on 2024-04-26 12:54:52 CEST.
Flavor | Version | Tinstall | Tcheck | Ttotal | Status | Flags |
---|---|---|---|---|---|---|
r-devel-linux-x86_64-debian-clang | 1.2.0 | 8.47 | 63.27 | 71.74 | NOTE | |
r-devel-linux-x86_64-debian-gcc | 1.2.0 | 4.65 | 47.35 | 52.00 | NOTE | |
r-devel-linux-x86_64-fedora-clang | 1.2.0 | 86.91 | NOTE | |||
r-devel-linux-x86_64-fedora-gcc | 1.2.0 | 85.13 | NOTE | |||
r-devel-windows-x86_64 | 1.2.0 | 6.00 | 63.00 | 69.00 | NOTE | |
r-patched-linux-x86_64 | 1.2.0 | 8.12 | 61.08 | 69.20 | NOTE | |
r-release-linux-x86_64 | 1.2.0 | 8.50 | 63.26 | 71.76 | NOTE | |
r-release-macos-arm64 | 1.2.0 | 27.00 | NOTE | |||
r-release-windows-x86_64 | 1.2.0 | 7.00 | 64.00 | 71.00 | NOTE | |
r-oldrel-macos-arm64 | 1.2.0 | 31.00 | NOTE | |||
r-oldrel-macos-x86_64 | 1.2.0 | 48.00 | NOTE | |||
r-oldrel-windows-x86_64 | 1.2.0 | 8.00 | 75.00 | 83.00 | NOTE |
Version: 1.2.0
Check: LazyData
Result: NOTE
'LazyData' is specified without a 'data' directory
Flavors: r-devel-linux-x86_64-debian-clang, r-devel-linux-x86_64-debian-gcc, r-devel-linux-x86_64-fedora-clang, r-devel-linux-x86_64-fedora-gcc, r-devel-windows-x86_64, r-patched-linux-x86_64, r-release-linux-x86_64, r-release-macos-arm64, r-release-windows-x86_64, r-oldrel-macos-arm64, r-oldrel-macos-x86_64, r-oldrel-windows-x86_64