CRAN Package Check Results for Package sBIC

Last updated on 2022-01-24 12:52:23 CET.

Flavor Version Tinstall Tcheck Ttotal Status Flags
r-devel-linux-x86_64-debian-clang 0.2.0 19.06 189.96 209.02 OK
r-devel-linux-x86_64-debian-gcc 0.2.0 13.20 139.68 152.88 OK
r-devel-linux-x86_64-fedora-clang 0.2.0 259.23 NOTE
r-devel-linux-x86_64-fedora-gcc 0.2.0 242.02 NOTE
r-devel-windows-x86_64-new-UL 0.2.0 81.00 311.00 392.00 OK
r-devel-windows-x86_64-new-TK 0.2.0 OK
r-patched-linux-x86_64 0.2.0 22.23 66.19 88.42 OK
r-release-linux-x86_64 0.2.0 19.25 65.26 84.51 OK
r-release-macos-arm64 0.2.0 OK
r-release-macos-x86_64 0.2.0 OK
r-release-windows-ix86+x86_64 0.2.0 49.00 120.00 169.00 OK
r-oldrel-macos-x86_64 0.2.0 OK
r-oldrel-windows-ix86+x86_64 0.2.0 49.00 128.00 177.00 OK

Check Details

Version: 0.2.0
Check: compiled code
Result: NOTE
    File ‘sBIC/libs/sBIC.so’:
     Found no calls to: ‘R_registerRoutines’, ‘R_useDynamicSymbols’
    
    It is good practice to register native routines and to disable symbol
    search.
    
    See ‘Writing portable packages’ in the ‘Writing R Extensions’ manual.
Flavors: r-devel-linux-x86_64-fedora-clang, r-devel-linux-x86_64-fedora-gcc