CRAN Package Check Results for Package sBIC

Last updated on 2020-07-03 03:47:21 CEST.

Flavor Version Tinstall Tcheck Ttotal Status Flags
r-devel-linux-x86_64-debian-clang 0.2.0 19.73 163.04 182.77 OK
r-devel-linux-x86_64-debian-gcc 0.2.0 16.86 119.49 136.35 OK
r-devel-linux-x86_64-fedora-clang 0.2.0 223.95 NOTE
r-devel-linux-x86_64-fedora-gcc 0.2.0 236.58 NOTE
r-devel-windows-ix86+x86_64 0.2.0 54.00 194.00 248.00 OK
r-patched-linux-x86_64 0.2.0 19.14 157.64 176.78 OK
r-patched-solaris-x86 0.2.0 291.90 OK
r-release-linux-x86_64 0.2.0 16.41 159.90 176.31 OK
r-release-osx-x86_64 0.2.0 OK
r-release-windows-ix86+x86_64 0.2.0 41.00 194.00 235.00 OK
r-oldrel-osx-x86_64 0.2.0 OK
r-oldrel-windows-ix86+x86_64 0.2.0 46.00 246.00 292.00 OK

Check Details

Version: 0.2.0
Check: compiled code
Result: NOTE
    File ‘sBIC/libs/sBIC.so’:
     Found no calls to: ‘R_registerRoutines’, ‘R_useDynamicSymbols’
    
    It is good practice to register native routines and to disable symbol
    search.
    
    See ‘Writing portable packages’ in the ‘Writing R Extensions’ manual.
Flavors: r-devel-linux-x86_64-fedora-clang, r-devel-linux-x86_64-fedora-gcc