Last updated on 2024-03-28 12:50:46 CET.
Flavor | Version | Tinstall | Tcheck | Ttotal | Status | Flags |
---|---|---|---|---|---|---|
r-devel-linux-x86_64-debian-clang | 3.1-40 | 6.68 | 62.82 | 69.50 | NOTE | |
r-devel-linux-x86_64-debian-gcc | 3.1-40 | 3.88 | 46.42 | 50.30 | NOTE | |
r-devel-linux-x86_64-fedora-clang | 3.1-40 | 85.26 | NOTE | |||
r-devel-linux-x86_64-fedora-gcc | 3.1-40 | 86.70 | NOTE | |||
r-devel-windows-x86_64 | 3.1-40 | 7.00 | 78.00 | 85.00 | NOTE | |
r-patched-linux-x86_64 | 3.1-40 | 7.79 | 58.97 | 66.76 | NOTE | |
r-release-linux-x86_64 | 3.1-40 | 6.05 | 59.88 | 65.93 | OK | |
r-release-macos-arm64 | 3.1-40 | 32.00 | OK | |||
r-release-macos-x86_64 | 3.1-40 | 52.00 | OK | |||
r-release-windows-x86_64 | 3.1-40 | 6.00 | 88.00 | 94.00 | OK | |
r-oldrel-macos-arm64 | 3.1-40 | 34.00 | OK | |||
r-oldrel-windows-x86_64 | 3.1-40 | 10.00 | 79.00 | 89.00 | OK |
Version: 3.1-40
Check: Rd files
Result: NOTE
checkRd: (-1) ciReg.Rd:10: Lost braces
10 | \item{fit}{an object of class{lm}, i.e. the output from \code{\link{lm}}.}
| ^
Flavors: r-devel-linux-x86_64-debian-clang, r-devel-linux-x86_64-debian-gcc, r-devel-linux-x86_64-fedora-clang, r-devel-linux-x86_64-fedora-gcc, r-devel-windows-x86_64, r-patched-linux-x86_64