Last updated on 2023-09-29 12:57:09 CEST.
Flavor | Version | Tinstall | Tcheck | Ttotal | Status | Flags |
---|---|---|---|---|---|---|
r-devel-linux-x86_64-debian-clang | 1.1.4 | 694.21 | 84.92 | 779.13 | NOTE | |
r-devel-linux-x86_64-debian-gcc | 1.1.4 | 548.63 | 55.74 | 604.37 | NOTE | |
r-devel-linux-x86_64-fedora-clang | 1.1.4 | 1295.04 | NOTE | |||
r-devel-linux-x86_64-fedora-gcc | 1.1.4 | 1335.11 | NOTE | |||
r-devel-windows-x86_64 | 1.1.4 | 598.00 | 151.00 | 749.00 | NOTE | |
r-patched-linux-x86_64 | 1.1.4 | 747.48 | 70.70 | 818.18 | NOTE | |
r-release-linux-x86_64 | 1.1.4 | 781.10 | 71.13 | 852.23 | NOTE | |
r-release-macos-arm64 | 1.1.4 | 221.00 | NOTE | |||
r-release-macos-x86_64 | 1.1.4 | 178.00 | NOTE | |||
r-release-windows-x86_64 | 1.1.4 | 787.00 | 173.00 | 960.00 | NOTE | |
r-oldrel-macos-arm64 | 1.1.4 | 223.00 | NOTE | |||
r-oldrel-macos-x86_64 | 1.1.4 | 271.00 | NOTE | |||
r-oldrel-windows-x86_64 | 1.1.4 | 688.00 | 152.00 | 840.00 | NOTE |
Version: 1.1.4
Check: C++ specification
Result: NOTE
Specified C++11: please drop specification unless essential
Flavors: r-devel-linux-x86_64-debian-clang, r-devel-linux-x86_64-debian-gcc, r-devel-linux-x86_64-fedora-clang, r-devel-linux-x86_64-fedora-gcc, r-devel-windows-x86_64, r-patched-linux-x86_64, r-release-linux-x86_64, r-release-macos-arm64, r-release-macos-x86_64, r-release-windows-x86_64
Version: 1.1.4
Check: Rd cross-references
Result: NOTE
Undeclared package ‘sf’ in Rd xrefs
Flavor: r-devel-linux-x86_64-fedora-clang
Version: 1.1.4
Check: installed package size
Result: NOTE
installed size is 6.5Mb
sub-directories of 1Mb or more:
libs 5.4Mb
Flavors: r-devel-windows-x86_64, r-release-macos-arm64, r-release-macos-x86_64, r-release-windows-x86_64, r-oldrel-macos-arm64, r-oldrel-macos-x86_64, r-oldrel-windows-x86_64