Last updated on 2022-05-28 21:50:50 CEST.
Flavor | Version | Tinstall | Tcheck | Ttotal | Status | Flags |
---|---|---|---|---|---|---|
r-devel-linux-x86_64-debian-clang | 0.2.7 | 109.26 | 40.08 | 149.34 | OK | |
r-devel-linux-x86_64-debian-gcc | 0.2.7 | 100.74 | 30.94 | 131.68 | OK | |
r-devel-linux-x86_64-fedora-clang | 0.2.7 | 265.44 | NOTE | |||
r-devel-linux-x86_64-fedora-gcc | 0.2.7 | 199.21 | OK | |||
r-devel-windows-x86_64 | 0.2.7 | 198.00 | 86.00 | 284.00 | OK | |
r-patched-linux-x86_64 | 0.2.7 | 99.57 | 38.59 | 138.16 | OK | |
r-release-linux-x86_64 | 0.2.7 | 105.77 | 39.47 | 145.24 | OK | |
r-release-macos-arm64 | 0.2.7 | 55.00 | NOTE | |||
r-release-macos-x86_64 | 0.2.7 | 69.00 | NOTE | |||
r-release-windows-x86_64 | 0.2.7 | 170.00 | 85.00 | 255.00 | OK | |
r-oldrel-macos-arm64 | 0.2.7 | 50.00 | NOTE | |||
r-oldrel-macos-x86_64 | 0.2.7 | 68.00 | NOTE | |||
r-oldrel-windows-ix86+x86_64 | 0.2.7 | 286.00 | 78.00 | 364.00 | OK |
Version: 0.2.7
Check: installed package size
Result: NOTE
installed size is 7.2Mb
sub-directories of 1Mb or more:
libs 6.8Mb
Flavors: r-devel-linux-x86_64-fedora-clang, r-release-macos-arm64, r-release-macos-x86_64, r-oldrel-macos-arm64, r-oldrel-macos-x86_64