CRAN Package Check Results for Package rxode2

Last updated on 2022-10-04 03:56:53 CEST.

Flavor Version Tinstall Tcheck Ttotal Status Flags
r-devel-linux-x86_64-debian-clang 2.0.7 541.31 381.39 922.70 WARN
r-devel-linux-x86_64-debian-gcc 2.0.7 489.85 258.80 748.65 NOTE
r-devel-linux-x86_64-fedora-clang 2.0.7 1212.67 WARN
r-devel-linux-x86_64-fedora-gcc 2.0.7 1377.35 NOTE
r-devel-windows-x86_64 2.0.7 755.00 575.00 1330.00 NOTE
r-patched-linux-x86_64 2.0.7 524.81 314.64 839.45 OK
r-release-linux-x86_64 2.0.7 519.90 314.50 834.40 OK
r-release-macos-arm64 2.0.7 288.00 NOTE
r-release-macos-x86_64 2.0.7 631.00 NOTE
r-release-windows-x86_64 2.0.7 560.00 551.00 1111.00 NOTE
r-oldrel-macos-arm64 2.0.7 300.00 NOTE
r-oldrel-macos-x86_64 2.0.7 625.00 NOTE
r-oldrel-windows-ix86+x86_64 2.0.7 1237.00 797.00 2034.00 NOTE

Additional issues

clang15 clang15

Check Details

Version: 2.0.7
Check: whether package can be installed
Result: WARN
    Found the following significant warnings:
     rxData.cpp:1264:15: warning: anonymous non-C-compatible type given name for linkage purposes by typedef declaration; add a tag name here [-Wnon-c-typedef-for-linkage]
     rxData.cpp:2406:15: warning: anonymous non-C-compatible type given name for linkage purposes by typedef declaration; add a tag name here [-Wnon-c-typedef-for-linkage]
Flavors: r-devel-linux-x86_64-debian-clang, r-devel-linux-x86_64-fedora-clang

Version: 2.0.7
Check: Rd files
Result: NOTE
    checkRd: (-1) add.dosing.Rd:147: Escaped LaTeX specials: \&
    checkRd: (-1) add.sampling.Rd:113: Escaped LaTeX specials: \&
    checkRd: (-1) et.Rd:243: Escaped LaTeX specials: \&
    checkRd: (-1) etRbind.Rd:146: Escaped LaTeX specials: \&
    checkRd: (-1) etRep.Rd:164: Escaped LaTeX specials: \&
    checkRd: (-1) etSeq.Rd:143: Escaped LaTeX specials: \&
Flavors: r-devel-linux-x86_64-debian-clang, r-devel-linux-x86_64-debian-gcc, r-devel-linux-x86_64-fedora-clang, r-devel-linux-x86_64-fedora-gcc, r-devel-windows-x86_64

Version: 2.0.7
Check: installed package size
Result: NOTE
     installed size is 9.3Mb
     sub-directories of 1Mb or more:
     R 1.0Mb
     libs 6.4Mb
Flavors: r-devel-linux-x86_64-fedora-clang, r-devel-windows-x86_64, r-release-macos-arm64, r-release-macos-x86_64, r-release-windows-x86_64, r-oldrel-macos-arm64, r-oldrel-macos-x86_64, r-oldrel-windows-ix86+x86_64