CRAN Package Check Results for Package rwunderground

Last updated on 2025-01-20 21:48:33 CET.

Flavor Version Tinstall Tcheck Ttotal Status Flags
r-devel-linux-x86_64-debian-clang 0.1.8 3.33 26.39 29.72 OK
r-devel-linux-x86_64-debian-gcc 0.1.8 2.24 19.31 21.55 OK
r-devel-linux-x86_64-fedora-clang 0.1.8 48.16 OK
r-devel-linux-x86_64-fedora-gcc 0.1.8 45.55 OK
r-devel-windows-x86_64 0.1.8 5.00 58.00 63.00 OK
r-patched-linux-x86_64 0.1.8 3.43 25.08 28.51 NOTE
r-release-linux-x86_64 0.1.8 2.76 25.13 27.89 NOTE
r-release-macos-arm64 0.1.8 19.00 NOTE
r-release-macos-x86_64 0.1.8 30.00 NOTE
r-release-windows-x86_64 0.1.8 4.00 63.00 67.00 NOTE
r-oldrel-macos-arm64 0.1.8 19.00 NOTE
r-oldrel-macos-x86_64 0.1.8 26.00 NOTE
r-oldrel-windows-x86_64 0.1.8 7.00 58.00 65.00 NOTE

Check Details

Version: 0.1.8
Check: LazyData
Result: NOTE 'LazyData' is specified without a 'data' directory Flavors: r-patched-linux-x86_64, r-release-linux-x86_64, r-release-macos-arm64, r-release-macos-x86_64, r-release-windows-x86_64, r-oldrel-macos-arm64, r-oldrel-macos-x86_64, r-oldrel-windows-x86_64