Last updated on 2025-02-04 03:49:59 CET.
Flavor | Version | Tinstall | Tcheck | Ttotal | Status | Flags |
---|---|---|---|---|---|---|
r-devel-linux-x86_64-debian-clang | 0.1 | 4.85 | 22.76 | 27.61 | OK | |
r-devel-linux-x86_64-debian-gcc | 0.1 | 4.01 | 19.20 | 23.21 | OK | |
r-devel-linux-x86_64-fedora-clang | 0.1 | 43.30 | OK | |||
r-devel-linux-x86_64-fedora-gcc | 0.1 | 41.77 | OK | |||
r-devel-windows-x86_64 | 0.1 | 5.00 | 50.00 | 55.00 | OK | |
r-patched-linux-x86_64 | 0.1 | 4.70 | 21.67 | 26.37 | OK | |
r-release-linux-x86_64 | 0.1 | 4.76 | 21.72 | 26.48 | OK | |
r-release-macos-arm64 | 0.1 | 22.00 | OK | |||
r-release-macos-x86_64 | 0.1 | 29.00 | OK | |||
r-release-windows-x86_64 | 0.1 | 6.00 | 48.00 | 54.00 | OK | |
r-oldrel-macos-arm64 | 0.1 | 22.00 | OK | |||
r-oldrel-macos-x86_64 | 0.1 | 31.00 | NOTE | |||
r-oldrel-windows-x86_64 | 0.1 | 7.00 | 47.00 | 54.00 | OK |
Version: 0.1
Check: installed package size
Result: NOTE
installed size is 5.5Mb
sub-directories of 1Mb or more:
data 5.4Mb
Flavor: r-oldrel-macos-x86_64