CRAN Package Check Results for Package rworldxtra

Last updated on 2022-06-28 21:51:32 CEST.

Flavor Version Tinstall Tcheck Ttotal Status Flags
r-devel-linux-x86_64-debian-clang 1.01 2.65 22.85 25.50 NOTE
r-devel-linux-x86_64-debian-gcc 1.01 2.02 17.91 19.93 NOTE
r-devel-linux-x86_64-fedora-clang 1.01 41.04 NOTE
r-devel-linux-x86_64-fedora-gcc 1.01 41.04 NOTE
r-devel-windows-x86_64 1.01 11.00 49.00 60.00 NOTE
r-patched-linux-x86_64 1.01 2.42 22.04 24.46 NOTE
r-release-linux-x86_64 1.01 1.58 21.77 23.35 NOTE
r-release-macos-arm64 1.01 16.00 NOTE
r-release-macos-x86_64 1.01 21.00 NOTE
r-release-windows-x86_64 1.01 9.00 49.00 58.00 NOTE
r-oldrel-macos-arm64 1.01 18.00 NOTE
r-oldrel-macos-x86_64 1.01 30.00 NOTE
r-oldrel-windows-ix86+x86_64 1.01 6.00 43.00 49.00 NOTE

Check Details

Version: 1.01
Check: DESCRIPTION meta-information
Result: NOTE
    Malformed Title field: should not end in a period.
Flavors: r-devel-linux-x86_64-debian-clang, r-devel-linux-x86_64-debian-gcc, r-devel-linux-x86_64-fedora-clang, r-devel-linux-x86_64-fedora-gcc, r-devel-windows-x86_64, r-patched-linux-x86_64, r-release-linux-x86_64, r-release-macos-arm64, r-release-macos-x86_64, r-release-windows-x86_64, r-oldrel-macos-arm64, r-oldrel-macos-x86_64, r-oldrel-windows-ix86+x86_64

Version: 1.01
Check: installed package size
Result: NOTE
     installed size is 5.1Mb
     sub-directories of 1Mb or more:
     data 5.0Mb
Flavors: r-devel-linux-x86_64-fedora-clang, r-devel-windows-x86_64, r-release-macos-arm64, r-release-macos-x86_64, r-release-windows-x86_64, r-oldrel-macos-arm64, r-oldrel-macos-x86_64, r-oldrel-windows-ix86+x86_64