Last updated on 2024-04-25 21:49:16 CEST.
Flavor | Version | Tinstall | Tcheck | Ttotal | Status | Flags |
---|---|---|---|---|---|---|
r-devel-linux-x86_64-debian-clang | 0.4.1 | 6.65 | 79.51 | 86.16 | NOTE | |
r-devel-linux-x86_64-debian-gcc | 0.4.1 | 4.58 | 59.09 | 63.67 | NOTE | |
r-devel-linux-x86_64-fedora-clang | 0.4.1 | 108.06 | NOTE | |||
r-devel-linux-x86_64-fedora-gcc | 0.4.1 | 118.03 | NOTE | |||
r-devel-windows-x86_64 | 0.4.1 | 6.00 | 76.00 | 82.00 | NOTE | |
r-patched-linux-x86_64 | 0.4.1 | 7.68 | 74.15 | 81.83 | NOTE | |
r-release-linux-x86_64 | 0.4.1 | 5.80 | 75.14 | 80.94 | OK | |
r-release-macos-arm64 | 0.4.1 | 33.00 | NOTE | |||
r-release-windows-x86_64 | 0.4.1 | 6.00 | 75.00 | 81.00 | NOTE | |
r-oldrel-macos-arm64 | 0.4.1 | 33.00 | OK | |||
r-oldrel-macos-x86_64 | 0.4.1 | 52.00 | OK | |||
r-oldrel-windows-x86_64 | 0.4.1 | 7.00 | 88.00 | 95.00 | OK |
Version: 0.4.1
Check: Rd files
Result: NOTE
checkRd: (-1) HardThresh.Rd:15: Lost braces; missing escapes or markup?
15 | \code{x} filtered result (y 1_{|y|>t}).
| ^
checkRd: (-1) SoftThresh.Rd:15: Lost braces; missing escapes or markup?
15 | \code{x} filtered result (y 1_{|y|>t}).
| ^
Flavors: r-devel-linux-x86_64-debian-clang, r-devel-linux-x86_64-debian-gcc, r-devel-linux-x86_64-fedora-clang, r-devel-linux-x86_64-fedora-gcc, r-devel-windows-x86_64, r-patched-linux-x86_64, r-release-macos-arm64, r-release-windows-x86_64